{"id":8080,"date":"2026-03-10T14:53:15","date_gmt":"2026-03-10T18:53:15","guid":{"rendered":"https:\/\/www.clie.cl\/?post_type=product&#038;p=8080"},"modified":"2026-04-21T10:23:44","modified_gmt":"2026-04-21T14:23:44","slug":"plotter-hp-designjet-t950-36-2y9h1a","status":"publish","type":"product","link":"https:\/\/www.clie.cl\/index.php\/producto\/plotter-hp-designjet-t950-36-2y9h1a\/","title":{"rendered":"Plotter HP DesignJet T950 36 2Y9H1A"},"content":{"rendered":"<p>Plotter HP Designjet T950 A0 &#8211; 914.40mm (36&#8243;) Ancho de Impresi\u00f3n &#8211; Color &#8211; 4 Color(es)<\/p>\n<p>21 Segundo Velocidad de color &#8211; 2400 x 1200 dpi &#8211; Ethernet &#8211; LAN inal\u00e1mbrica &#8211; Papel Normal<\/p>\n<p>Trabaje con seguridad, pr\u00e1cticamente desde cualquier lugar. Puede ahorrar tiempo al imprimir con menos pasos gracias a HP Click. Proteja su impresora y sus datos de las ciberamenazas con HP Wolf Pro Security. Administre su dispositivo e imprima de forma remota con la aplicaci\u00f3n de HP.Vaya a\u00fan m\u00e1s lejos y avance en sus metas ambientales con una impresora elaborada con pl\u00e1sticos reciclados y consumibles reciclables. Este plotter robusto y compacto est\u00e1 dise\u00f1ado para durar, adem\u00e1s de ayudarlo a reducir el consumo de energ\u00eda y el desperdicio de tinta.<\/p>\n<p>Descripci\u00f3n de la Alimentaci\u00f3n<br \/>\nFrecuencia 50Hz<br \/>\n60Hz<\/p>\n<p><span style=\"color: #ff0000;\">Redes y Comunicaciones<\/span><br \/>\nEthernet S\u00ed<br \/>\nLAN inal\u00e1mbrica S\u00ed<\/p>\n<p>Caracter\u00edsticas F\u00edsicas<br \/>\nPeso (Aproximado) 56kg<br \/>\nAltura 967mm<br \/>\nAnchura 1407mm<br \/>\nProfundidad 720mm<\/p>\n<p>Fuentes \/ Emulaci\u00f3n<br \/>\nLenguaje de Emulaci\u00f3n TIFF<br \/>\nURF<br \/>\nJPEG<br \/>\nHP RTL<br \/>\nHP GL\/2<br \/>\nCALS\/G4<\/p>\n<p>Informaci\u00f3n General<br \/>\nTipo de Producto Impresora de gran formato de inyecci\u00f3n de tinta<br \/>\nC\u00f3digo de Fabricante 2Y9H1A<br \/>\nDirecci\u00f3n Web de Fabricante http:\/\/www.hp.com<br \/>\nFabricante HP Inc.<br \/>\nModelo de Producto T950<br \/>\nNombre de Producto Impresora de gran formato de inyecci\u00f3n de tinta Designjet T950<br \/>\nL\u00ednea de Producto Designjet<br \/>\nNombre de Marca HP<br \/>\nInformaci\u00f3n T\u00e9cnica<br \/>\nAnchura m\u00e1xima de Impresi\u00f3n 914.40mm (36&#8243;)<br \/>\nN\u00famero de Colores 4<br \/>\nTecnolog\u00eda de Impresi\u00f3n Inal\u00e1mbrica Apple AirPrint<br \/>\nWi-Fi Direct<br \/>\nHP ePrint<\/p>\n<p>Impresi\u00f3n con dispositivo m\u00f3vil S\u00ed<br \/>\nCapacidad de impresi\u00f3n a color Color<br \/>\nVelocidad m\u00e1xima de impresi\u00f3n en color (seg.) 21Segundo<br \/>\nResoluci\u00f3n m\u00e1xima de impresi\u00f3n (dpi) 2400 x 1200<br \/>\nVarios<\/p>\n<p>Plataforma<br \/>\nCompatible<br \/>\nAndroid<br \/>\nMac<br \/>\nPC<\/p>\n<p>Formato Estacionario<br \/>\nRespetuoso del medio ambiente S\u00ed<br \/>\nCertificaci\u00f3n medioambiental EcoLogo<br \/>\nElectronic Product Environmental Assessment Tool (EPEAT)<br \/>\nEnergy Star S\u00ed<br \/>\nCumplimiento de eficiencia energ\u00e9tica Energy-related Products Directive (ErP)<br \/>\nCumplimiento ambiental Registration, Evaluation, Authorization and Restriction of Chemicals (REACH)<br \/>\nRestriction of Hazardous Substances (RoHS)<br \/>\nWaste Electrical and Electronic Equipment Directive (WEEE)<\/p>\n<p><strong><span style=\"color: #ff0000;\">Tipo de Formato y Manejo<\/span><\/strong><br \/>\nTama\u00f1o A3<br \/>\nA0<br \/>\nA2<br \/>\nA1<br \/>\nA4<\/p>\n<p><strong><span style=\"color: #ff0000;\">Tipo de Medio <\/span><\/strong><\/p>\n<p>Papel fotogr\u00e1fico satinado<br \/>\nPapel mate<br \/>\nPapel Normal<br \/>\nPapel recubierto de gramaje extra<br \/>\nPapel satinado<br \/>\nPapel t\u00e9cnico<br \/>\nPolipropileno<br \/>\nTransparencia<br \/>\nTransparencia mate<br \/>\nCianotipo<br \/>\nPapel blanco intenso de inyecci\u00f3n de tinta<br \/>\nPapel bond<br \/>\nPapel de calco natural<br \/>\nPapel Estucado<br \/>\nEst\u00e1ndar m\u00e1ximo de soportes admitidos A0<\/p>\n","protected":false},"excerpt":{"rendered":"<p>Producto original.<\/p>\n<div id=\"gtx-trans\" style=\"position: absolute; left: -23px; top: -3px;\">\n<div class=\"gtx-trans-icon\"><\/div>\n<\/div>\n","protected":false},"featured_media":8081,"comment_status":"closed","ping_status":"closed","template":"","meta":{"site-sidebar-layout":"default","site-content-layout":"","ast-site-content-layout":"default","site-content-style":"default","site-sidebar-style":"default","ast-global-header-display":"","ast-banner-title-visibility":"","ast-main-header-display":"","ast-hfb-above-header-display":"","ast-hfb-below-header-display":"","ast-hfb-mobile-header-display":"","site-post-title":"","ast-breadcrumbs-content":"","ast-featured-img":"","footer-sml-layout":"","ast-disable-related-posts":"","theme-transparent-header-meta":"default","adv-header-id-meta":"","stick-header-meta":"default","header-above-stick-meta":"","header-main-stick-meta":"","header-below-stick-meta":"","astra-migrate-meta-layouts":"set","ast-page-background-enabled":"default","ast-page-background-meta":{"desktop":{"background-color":"var(--ast-global-color-4)","background-image":"","background-repeat":"repeat","background-position":"center center","background-size":"auto","background-attachment":"scroll","background-type":"","background-media":"","overlay-type":"","overlay-color":"","overlay-opacity":"","overlay-gradient":""},"tablet":{"background-color":"","background-image":"","background-repeat":"repeat","background-position":"center center","background-size":"auto","background-attachment":"scroll","background-type":"","background-media":"","overlay-type":"","overlay-color":"","overlay-opacity":"","overlay-gradient":""},"mobile":{"background-color":"","background-image":"","background-repeat":"repeat","background-position":"center center","background-size":"auto","background-attachment":"scroll","background-type":"","background-media":"","overlay-type":"","overlay-color":"","overlay-opacity":"","overlay-gradient":""}},"ast-content-background-meta":{"desktop":{"background-color":"var(--ast-global-color-5)","background-image":"","background-repeat":"repeat","background-position":"center center","background-size":"auto","background-attachment":"scroll","background-type":"","background-media":"","overlay-type":"","overlay-color":"","overlay-opacity":"","overlay-gradient":""},"tablet":{"background-color":"var(--ast-global-color-5)","background-image":"","background-repeat":"repeat","background-position":"center center","background-size":"auto","background-attachment":"scroll","background-type":"","background-media":"","overlay-type":"","overlay-color":"","overlay-opacity":"","overlay-gradient":""},"mobile":{"background-color":"var(--ast-global-color-5)","background-image":"","background-repeat":"repeat","background-position":"center center","background-size":"auto","background-attachment":"scroll","background-type":"","background-media":"","overlay-type":"","overlay-color":"","overlay-opacity":"","overlay-gradient":""}}},"product_brand":[967],"product_cat":[21,41],"product_tag":[1009],"class_list":{"0":"post-8080","1":"product","2":"type-product","3":"status-publish","4":"has-post-thumbnail","6":"product_brand-hp","7":"product_cat-impresoras","8":"product_cat-plotter","9":"product_tag-2y9h1a","10":"desktop-align-left","11":"tablet-align-left","12":"mobile-align-left","13":"ast-product-gallery-layout-horizontal-slider","14":"ast-product-gallery-with-no-image","15":"ast-magnify-disabled","16":"ast-product-tabs-layout-horizontal","17":"ast-qv-on-image","19":"first","20":"outofstock","21":"sale","22":"purchasable","23":"product-type-simple"},"yoast_head":"<!-- This site is optimized with the Yoast SEO plugin v27.5 - https:\/\/yoast.com\/product\/yoast-seo-wordpress\/ -->\n<title>Plotter HP DesignJet T950 36 2Y9H1A - CLIE LIMITADA<\/title>\n<meta name=\"robots\" content=\"index, follow, max-snippet:-1, max-image-preview:large, max-video-preview:-1\" \/>\n<link rel=\"canonical\" href=\"https:\/\/www.clie.cl\/index.php\/producto\/plotter-hp-designjet-t950-36-2y9h1a\/\" \/>\n<meta property=\"og:locale\" content=\"es_ES\" \/>\n<meta property=\"og:type\" content=\"article\" \/>\n<meta property=\"og:title\" content=\"Plotter HP DesignJet T950 36 2Y9H1A - CLIE LIMITADA\" \/>\n<meta property=\"og:description\" content=\"Producto original.\" \/>\n<meta property=\"og:url\" content=\"https:\/\/www.clie.cl\/index.php\/producto\/plotter-hp-designjet-t950-36-2y9h1a\/\" \/>\n<meta property=\"og:site_name\" content=\"CLIE LIMITADA\" \/>\n<meta property=\"article:modified_time\" content=\"2026-04-21T14:23:44+00:00\" \/>\n<meta property=\"og:image\" content=\"https:\/\/www.clie.cl\/wp-content\/uploads\/2026\/03\/Plotter_HP_T950_36_pulgadas_2Y9H1A_clie.cl_.jpg\" \/>\n\t<meta property=\"og:image:width\" content=\"2000\" \/>\n\t<meta property=\"og:image:height\" content=\"2000\" \/>\n\t<meta property=\"og:image:type\" content=\"image\/jpeg\" \/>\n<meta name=\"twitter:card\" content=\"summary_large_image\" \/>\n<meta name=\"twitter:label1\" content=\"Tiempo de lectura\" \/>\n\t<meta name=\"twitter:data1\" content=\"2 minutos\" \/>\n<script type=\"application\/ld+json\" class=\"yoast-schema-graph\">{\"@context\":\"https:\\\/\\\/schema.org\",\"@graph\":[{\"@type\":\"WebPage\",\"@id\":\"https:\\\/\\\/www.clie.cl\\\/index.php\\\/producto\\\/plotter-hp-designjet-t950-36-2y9h1a\\\/\",\"url\":\"https:\\\/\\\/www.clie.cl\\\/index.php\\\/producto\\\/plotter-hp-designjet-t950-36-2y9h1a\\\/\",\"name\":\"Plotter HP DesignJet T950 36 2Y9H1A - CLIE LIMITADA\",\"isPartOf\":{\"@id\":\"https:\\\/\\\/www.clie.cl\\\/#website\"},\"primaryImageOfPage\":{\"@id\":\"https:\\\/\\\/www.clie.cl\\\/index.php\\\/producto\\\/plotter-hp-designjet-t950-36-2y9h1a\\\/#primaryimage\"},\"image\":{\"@id\":\"https:\\\/\\\/www.clie.cl\\\/index.php\\\/producto\\\/plotter-hp-designjet-t950-36-2y9h1a\\\/#primaryimage\"},\"thumbnailUrl\":\"https:\\\/\\\/www.clie.cl\\\/wp-content\\\/uploads\\\/2026\\\/03\\\/Plotter_HP_T950_36_pulgadas_2Y9H1A_clie.cl_.jpg\",\"datePublished\":\"2026-03-10T18:53:15+00:00\",\"dateModified\":\"2026-04-21T14:23:44+00:00\",\"breadcrumb\":{\"@id\":\"https:\\\/\\\/www.clie.cl\\\/index.php\\\/producto\\\/plotter-hp-designjet-t950-36-2y9h1a\\\/#breadcrumb\"},\"inLanguage\":\"es\",\"potentialAction\":[{\"@type\":\"ReadAction\",\"target\":[\"https:\\\/\\\/www.clie.cl\\\/index.php\\\/producto\\\/plotter-hp-designjet-t950-36-2y9h1a\\\/\"]}]},{\"@type\":\"ImageObject\",\"inLanguage\":\"es\",\"@id\":\"https:\\\/\\\/www.clie.cl\\\/index.php\\\/producto\\\/plotter-hp-designjet-t950-36-2y9h1a\\\/#primaryimage\",\"url\":\"https:\\\/\\\/www.clie.cl\\\/wp-content\\\/uploads\\\/2026\\\/03\\\/Plotter_HP_T950_36_pulgadas_2Y9H1A_clie.cl_.jpg\",\"contentUrl\":\"https:\\\/\\\/www.clie.cl\\\/wp-content\\\/uploads\\\/2026\\\/03\\\/Plotter_HP_T950_36_pulgadas_2Y9H1A_clie.cl_.jpg\",\"width\":2000,\"height\":2000,\"caption\":\"Plotter_HP_T950_36_pulgadas_2Y9H1A_clie.cl\"},{\"@type\":\"BreadcrumbList\",\"@id\":\"https:\\\/\\\/www.clie.cl\\\/index.php\\\/producto\\\/plotter-hp-designjet-t950-36-2y9h1a\\\/#breadcrumb\",\"itemListElement\":[{\"@type\":\"ListItem\",\"position\":1,\"name\":\"Portada\",\"item\":\"https:\\\/\\\/www.clie.cl\\\/\"},{\"@type\":\"ListItem\",\"position\":2,\"name\":\"Productos\",\"item\":\"https:\\\/\\\/www.clie.cl\\\/index.php\\\/shop\\\/\"},{\"@type\":\"ListItem\",\"position\":3,\"name\":\"Plotter HP DesignJet T950 36 2Y9H1A\"}]},{\"@type\":\"WebSite\",\"@id\":\"https:\\\/\\\/www.clie.cl\\\/#website\",\"url\":\"https:\\\/\\\/www.clie.cl\\\/\",\"name\":\"CLIE.cl\",\"description\":\"Clie Limitada\",\"publisher\":{\"@id\":\"https:\\\/\\\/www.clie.cl\\\/#organization\"},\"alternateName\":\"CLIE\",\"potentialAction\":[{\"@type\":\"SearchAction\",\"target\":{\"@type\":\"EntryPoint\",\"urlTemplate\":\"https:\\\/\\\/www.clie.cl\\\/?s={search_term_string}\"},\"query-input\":{\"@type\":\"PropertyValueSpecification\",\"valueRequired\":true,\"valueName\":\"search_term_string\"}}],\"inLanguage\":\"es\"},{\"@type\":\"Organization\",\"@id\":\"https:\\\/\\\/www.clie.cl\\\/#organization\",\"name\":\"CLIE LIMITADA\",\"url\":\"https:\\\/\\\/www.clie.cl\\\/\",\"logo\":{\"@type\":\"ImageObject\",\"inLanguage\":\"es\",\"@id\":\"https:\\\/\\\/www.clie.cl\\\/#\\\/schema\\\/logo\\\/image\\\/\",\"url\":\"https:\\\/\\\/www.clie.cl\\\/wp-content\\\/uploads\\\/2023\\\/10\\\/logo_clie_front_web_2023.png\",\"contentUrl\":\"https:\\\/\\\/www.clie.cl\\\/wp-content\\\/uploads\\\/2023\\\/10\\\/logo_clie_front_web_2023.png\",\"width\":139,\"height\":118,\"caption\":\"CLIE LIMITADA\"},\"image\":{\"@id\":\"https:\\\/\\\/www.clie.cl\\\/#\\\/schema\\\/logo\\\/image\\\/\"}}]}<\/script>\n<!-- \/ Yoast SEO plugin. -->","yoast_head_json":{"title":"Plotter HP DesignJet T950 36 2Y9H1A - CLIE LIMITADA","robots":{"index":"index","follow":"follow","max-snippet":"max-snippet:-1","max-image-preview":"max-image-preview:large","max-video-preview":"max-video-preview:-1"},"canonical":"https:\/\/www.clie.cl\/index.php\/producto\/plotter-hp-designjet-t950-36-2y9h1a\/","og_locale":"es_ES","og_type":"article","og_title":"Plotter HP DesignJet T950 36 2Y9H1A - CLIE LIMITADA","og_description":"Producto original.","og_url":"https:\/\/www.clie.cl\/index.php\/producto\/plotter-hp-designjet-t950-36-2y9h1a\/","og_site_name":"CLIE LIMITADA","article_modified_time":"2026-04-21T14:23:44+00:00","og_image":[{"width":2000,"height":2000,"url":"https:\/\/www.clie.cl\/wp-content\/uploads\/2026\/03\/Plotter_HP_T950_36_pulgadas_2Y9H1A_clie.cl_.jpg","type":"image\/jpeg"}],"twitter_card":"summary_large_image","twitter_misc":{"Tiempo de lectura":"2 minutos"},"schema":{"@context":"https:\/\/schema.org","@graph":[{"@type":"WebPage","@id":"https:\/\/www.clie.cl\/index.php\/producto\/plotter-hp-designjet-t950-36-2y9h1a\/","url":"https:\/\/www.clie.cl\/index.php\/producto\/plotter-hp-designjet-t950-36-2y9h1a\/","name":"Plotter HP DesignJet T950 36 2Y9H1A - CLIE LIMITADA","isPartOf":{"@id":"https:\/\/www.clie.cl\/#website"},"primaryImageOfPage":{"@id":"https:\/\/www.clie.cl\/index.php\/producto\/plotter-hp-designjet-t950-36-2y9h1a\/#primaryimage"},"image":{"@id":"https:\/\/www.clie.cl\/index.php\/producto\/plotter-hp-designjet-t950-36-2y9h1a\/#primaryimage"},"thumbnailUrl":"https:\/\/www.clie.cl\/wp-content\/uploads\/2026\/03\/Plotter_HP_T950_36_pulgadas_2Y9H1A_clie.cl_.jpg","datePublished":"2026-03-10T18:53:15+00:00","dateModified":"2026-04-21T14:23:44+00:00","breadcrumb":{"@id":"https:\/\/www.clie.cl\/index.php\/producto\/plotter-hp-designjet-t950-36-2y9h1a\/#breadcrumb"},"inLanguage":"es","potentialAction":[{"@type":"ReadAction","target":["https:\/\/www.clie.cl\/index.php\/producto\/plotter-hp-designjet-t950-36-2y9h1a\/"]}]},{"@type":"ImageObject","inLanguage":"es","@id":"https:\/\/www.clie.cl\/index.php\/producto\/plotter-hp-designjet-t950-36-2y9h1a\/#primaryimage","url":"https:\/\/www.clie.cl\/wp-content\/uploads\/2026\/03\/Plotter_HP_T950_36_pulgadas_2Y9H1A_clie.cl_.jpg","contentUrl":"https:\/\/www.clie.cl\/wp-content\/uploads\/2026\/03\/Plotter_HP_T950_36_pulgadas_2Y9H1A_clie.cl_.jpg","width":2000,"height":2000,"caption":"Plotter_HP_T950_36_pulgadas_2Y9H1A_clie.cl"},{"@type":"BreadcrumbList","@id":"https:\/\/www.clie.cl\/index.php\/producto\/plotter-hp-designjet-t950-36-2y9h1a\/#breadcrumb","itemListElement":[{"@type":"ListItem","position":1,"name":"Portada","item":"https:\/\/www.clie.cl\/"},{"@type":"ListItem","position":2,"name":"Productos","item":"https:\/\/www.clie.cl\/index.php\/shop\/"},{"@type":"ListItem","position":3,"name":"Plotter HP DesignJet T950 36 2Y9H1A"}]},{"@type":"WebSite","@id":"https:\/\/www.clie.cl\/#website","url":"https:\/\/www.clie.cl\/","name":"CLIE.cl","description":"Clie Limitada","publisher":{"@id":"https:\/\/www.clie.cl\/#organization"},"alternateName":"CLIE","potentialAction":[{"@type":"SearchAction","target":{"@type":"EntryPoint","urlTemplate":"https:\/\/www.clie.cl\/?s={search_term_string}"},"query-input":{"@type":"PropertyValueSpecification","valueRequired":true,"valueName":"search_term_string"}}],"inLanguage":"es"},{"@type":"Organization","@id":"https:\/\/www.clie.cl\/#organization","name":"CLIE LIMITADA","url":"https:\/\/www.clie.cl\/","logo":{"@type":"ImageObject","inLanguage":"es","@id":"https:\/\/www.clie.cl\/#\/schema\/logo\/image\/","url":"https:\/\/www.clie.cl\/wp-content\/uploads\/2023\/10\/logo_clie_front_web_2023.png","contentUrl":"https:\/\/www.clie.cl\/wp-content\/uploads\/2023\/10\/logo_clie_front_web_2023.png","width":139,"height":118,"caption":"CLIE LIMITADA"},"image":{"@id":"https:\/\/www.clie.cl\/#\/schema\/logo\/image\/"}}]}},"_links":{"self":[{"href":"https:\/\/www.clie.cl\/index.php\/wp-json\/wp\/v2\/product\/8080","targetHints":{"allow":["GET"]}}],"collection":[{"href":"https:\/\/www.clie.cl\/index.php\/wp-json\/wp\/v2\/product"}],"about":[{"href":"https:\/\/www.clie.cl\/index.php\/wp-json\/wp\/v2\/types\/product"}],"replies":[{"embeddable":true,"href":"https:\/\/www.clie.cl\/index.php\/wp-json\/wp\/v2\/comments?post=8080"}],"wp:featuredmedia":[{"embeddable":true,"href":"https:\/\/www.clie.cl\/index.php\/wp-json\/wp\/v2\/media\/8081"}],"wp:attachment":[{"href":"https:\/\/www.clie.cl\/index.php\/wp-json\/wp\/v2\/media?parent=8080"}],"wp:term":[{"taxonomy":"product_brand","embeddable":true,"href":"https:\/\/www.clie.cl\/index.php\/wp-json\/wp\/v2\/product_brand?post=8080"},{"taxonomy":"product_cat","embeddable":true,"href":"https:\/\/www.clie.cl\/index.php\/wp-json\/wp\/v2\/product_cat?post=8080"},{"taxonomy":"product_tag","embeddable":true,"href":"https:\/\/www.clie.cl\/index.php\/wp-json\/wp\/v2\/product_tag?post=8080"}],"curies":[{"name":"wp","href":"https:\/\/api.w.org\/{rel}","templated":true}]}}