{"id":6635,"date":"2025-04-01T13:59:08","date_gmt":"2025-04-01T17:59:08","guid":{"rendered":"https:\/\/www.clie.cl\/?post_type=product&#038;p=6635"},"modified":"2025-07-10T00:25:09","modified_gmt":"2025-07-10T04:25:09","slug":"notebook-lenovo-i7-13620h-16gb512ssd-16in-w11h-82xf003ecl","status":"publish","type":"product","link":"https:\/\/www.clie.cl\/index.php\/producto\/notebook-lenovo-i7-13620h-16gb512ssd-16in-w11h-82xf003ecl\/","title":{"rendered":"Notebook Lenovo i7 13620H 16GB512SSD 16IN W11H 82XF003ECL"},"content":{"rendered":"<p>Tanto los creadores como los jugadores ahora pueden aprovechar el poder Smart para ir m\u00e1s all\u00e1 del rendimiento profesional. Da rienda suelta a tu imaginaci\u00f3n con hasta los \u00faltimos procesadores Core i7 H Series de 13ra generaci\u00f3n y la tarjeta gr\u00e1fica independiente NVIDIA RTX 4050. NVIDIA\u00ae Studio ofrece aceleraci\u00f3n RTX e IA en las mejores aplicaciones creativas, controladores NVIDIA Studio para brindar la m\u00e1xima estabilidad y un conjunto de herramientas exclusivas que impulsar\u00e1n tu pr\u00f3xima gran idea. Rinde al m\u00e1ximo con las potentes soluciones t\u00e9rmicas, con Smart Power mediante la funci\u00f3n Lenovo AI Engine, as\u00ed como con el interruptor de visualizaci\u00f3n din\u00e1mica (Dynamic Display Switch o DDS), que aumenta los fotogramas por segundo a trav\u00e9s de una conexi\u00f3n GPU directa.<\/p>\n<p>Chipset<br \/>\nFabricante de Chipset Intel<br \/>\nDispositivos de Entrada<br \/>\nTeclado retroiluminado S\u00ed<br \/>\nLocalizaci\u00f3n de Teclado Espa\u00f1ol<br \/>\nInformaci\u00f3n T\u00e9cnica<br \/>\nMes de lanzamiento Abril<br \/>\nA\u00f1o de lanzamiento 2023<br \/>\nAlmacenamiento<br \/>\nTipo de Controlador SSD<br \/>\nCapacidad Total de la Unidad de Estado S\u00f3lido (SSD) 512GB<br \/>\nFactor de forma de SSD M.2<br \/>\nDescripci\u00f3n de la Alimentaci\u00f3n<br \/>\nPotencia m\u00e1xima de alimentaci\u00f3n 100W<br \/>\nTipo de enchufe de alimentaci\u00f3n Tipo C<br \/>\nSoporte de suministro de energ\u00eda USB S\u00ed<br \/>\nDispositivos Incorporados<br \/>\nLector de huellas digitales S\u00ed<br \/>\nC\u00e1mara Frontal\/C\u00e1mara Web S\u00ed<br \/>\nObturador de privacidad de c\u00e1mara S\u00ed<br \/>\nRedes y Comunicaciones<br \/>\nBluetooth S\u00ed<br \/>\nLAN inal\u00e1mbrica S\u00ed<br \/>\nEst\u00e1dar LAN sin Cable IEEE 802.11ax<br \/>\nSistema Operativo<br \/>\nSistema Operativo Windows 11 Home Single Language<br \/>\nPlataforma del sistema operativo Windows<br \/>\nIdioma del Sistema Operativo Espa\u00f1ol<br \/>\nInterfaces\/Puertos<br \/>\nHDMI S\u00ed<br \/>\nRed (RJ-45) No<br \/>\nN\u00famero total de puertos USB 4<br \/>\nN\u00famero de puertos USB 3.2 Gen 1 2<br \/>\nN\u00famero de puertos USB 3.2 Gen 1 tipo-C 2<br \/>\nMemoria<br \/>\nMemoria integrada 16GB<br \/>\nTecnolog\u00eda de memoria integrada LPDDR5<br \/>\nMemoria Total del Sistema Instalada 16GB<br \/>\nVelocidad de la memoria del sistema 5200MHz<\/p>\n<p>Informaci\u00f3n General<br \/>\nTipo de Producto Port\u00e1til<br \/>\nC\u00f3digo de Fabricante 82XF003ECL<br \/>\nDirecci\u00f3n Web de Fabricante http:\/\/www.lenovo.com<br \/>\nFabricante Lenovo Group Limited<br \/>\nModelo de Producto 82XF003ECL<br \/>\nNombre de Producto Port\u00e1til IdeaPad Slim 5 16IRL8 82XF003ECL<br \/>\nL\u00ednea de Producto IdeaPad<br \/>\nGama de Producto Slim 5 16IRL8<br \/>\nNombre de Marca Lenovo<br \/>\nPantalla y gr\u00e1ficos<br \/>\nResoluci\u00f3n de la Pantalla 1920 x 1200<br \/>\nBrillo 300cd\/m\u00b2<br \/>\nTama\u00f1o de Pantalla 40.6cm (16&#8243;)<br \/>\nModo de Pantalla WUXGA<br \/>\nPantalla T\u00e1ctil No<br \/>\nFabricante de Controlador Gr\u00e1fico Intel<br \/>\nModelo de Controlador de Gr\u00e1ficos UHD Graphics<br \/>\nTecnolog\u00eda de Memoria de Gr\u00e1ficos LPDDR5<br \/>\nAccesibilidad de Memoria Gr\u00e1fica Compartido<br \/>\nTecnolog\u00eda de Pantalla Tecnolog\u00eda conmutaci\u00f3n en el mismo plano (In-plane Switching, IPS)<br \/>\nGama de colores 45% NTSC<br \/>\nVarios<br \/>\nCaracter\u00edsticas Sin parpadeos<br \/>\nModo Low Blue Light (Luz de Espectro Azul)<br \/>\nPantalla antireflejos<br \/>\nRespetuoso del medio ambiente S\u00ed<br \/>\nCertificaci\u00f3n medioambiental Electronic Product Environmental Assessment Tool Gold (EPEAT Gold)<br \/>\nCargador inclu\u00eddo S\u00ed<br \/>\nEnergy Star S\u00ed<br \/>\nCertificaci\u00f3n de Eficiencia Energ\u00e9tica ENERGY STAR 8.0<br \/>\nCumplimiento de eficiencia energ\u00e9tica Energy-related Products Directive Lot 26 (ErP Lot 26)<br \/>\nEnergy-related Products Directive Lot 6 (ErP Lot 6)<br \/>\nCumplimiento ambiental Restriction of Hazardous Substances (RoHS)<\/p>\n","protected":false},"excerpt":{"rendered":"<p>Producto original.<\/p>\n<div id=\"gtx-trans\" style=\"position: absolute;left: -28px;top: -3px\">\n<div class=\"gtx-trans-icon\">\u00a0<\/div>\n<\/div>\n","protected":false},"featured_media":6636,"comment_status":"open","ping_status":"closed","template":"","meta":{"site-sidebar-layout":"default","site-content-layout":"","ast-site-content-layout":"default","site-content-style":"default","site-sidebar-style":"default","ast-global-header-display":"","ast-banner-title-visibility":"","ast-main-header-display":"","ast-hfb-above-header-display":"","ast-hfb-below-header-display":"","ast-hfb-mobile-header-display":"","site-post-title":"","ast-breadcrumbs-content":"","ast-featured-img":"","footer-sml-layout":"","ast-disable-related-posts":"","theme-transparent-header-meta":"default","adv-header-id-meta":"","stick-header-meta":"default","header-above-stick-meta":"","header-main-stick-meta":"","header-below-stick-meta":"","astra-migrate-meta-layouts":"set","ast-page-background-enabled":"default","ast-page-background-meta":{"desktop":{"background-color":"var(--ast-global-color-4)","background-image":"","background-repeat":"repeat","background-position":"center center","background-size":"auto","background-attachment":"scroll","background-type":"","background-media":"","overlay-type":"","overlay-color":"","overlay-opacity":"","overlay-gradient":""},"tablet":{"background-color":"","background-image":"","background-repeat":"repeat","background-position":"center center","background-size":"auto","background-attachment":"scroll","background-type":"","background-media":"","overlay-type":"","overlay-color":"","overlay-opacity":"","overlay-gradient":""},"mobile":{"background-color":"","background-image":"","background-repeat":"repeat","background-position":"center center","background-size":"auto","background-attachment":"scroll","background-type":"","background-media":"","overlay-type":"","overlay-color":"","overlay-opacity":"","overlay-gradient":""}},"ast-content-background-meta":{"desktop":{"background-color":"var(--ast-global-color-5)","background-image":"","background-repeat":"repeat","background-position":"center center","background-size":"auto","background-attachment":"scroll","background-type":"","background-media":"","overlay-type":"","overlay-color":"","overlay-opacity":"","overlay-gradient":""},"tablet":{"background-color":"var(--ast-global-color-5)","background-image":"","background-repeat":"repeat","background-position":"center center","background-size":"auto","background-attachment":"scroll","background-type":"","background-media":"","overlay-type":"","overlay-color":"","overlay-opacity":"","overlay-gradient":""},"mobile":{"background-color":"var(--ast-global-color-5)","background-image":"","background-repeat":"repeat","background-position":"center center","background-size":"auto","background-attachment":"scroll","background-type":"","background-media":"","overlay-type":"","overlay-color":"","overlay-opacity":"","overlay-gradient":""}}},"product_brand":[977],"product_cat":[54,102],"product_tag":[374],"class_list":{"0":"post-6635","1":"product","2":"type-product","3":"status-publish","4":"has-post-thumbnail","6":"product_brand-lenovo","7":"product_cat-computadores","8":"product_cat-notebooks","9":"product_tag-i7","10":"desktop-align-left","11":"tablet-align-left","12":"mobile-align-left","13":"ast-product-gallery-layout-horizontal-slider","14":"ast-product-gallery-with-no-image","15":"ast-magnify-disabled","16":"ast-product-tabs-layout-horizontal","17":"ast-qv-on-image","19":"first","20":"outofstock","21":"sale","22":"taxable","23":"shipping-taxable","24":"purchasable","25":"product-type-simple"},"yoast_head":"<!-- This site is optimized with the Yoast SEO plugin v27.5 - https:\/\/yoast.com\/product\/yoast-seo-wordpress\/ -->\n<title>Notebook Lenovo i7 13620H 16GB512SSD 16IN W11H 82XF003ECL - CLIE LIMITADA<\/title>\n<meta name=\"robots\" content=\"index, follow, max-snippet:-1, max-image-preview:large, max-video-preview:-1\" \/>\n<link rel=\"canonical\" href=\"https:\/\/www.clie.cl\/index.php\/producto\/notebook-lenovo-i7-13620h-16gb512ssd-16in-w11h-82xf003ecl\/\" \/>\n<meta property=\"og:locale\" content=\"es_ES\" \/>\n<meta property=\"og:type\" content=\"article\" \/>\n<meta property=\"og:title\" content=\"Notebook Lenovo i7 13620H 16GB512SSD 16IN W11H 82XF003ECL - CLIE LIMITADA\" \/>\n<meta property=\"og:description\" content=\"Producto original.\u00a0\" \/>\n<meta property=\"og:url\" content=\"https:\/\/www.clie.cl\/index.php\/producto\/notebook-lenovo-i7-13620h-16gb512ssd-16in-w11h-82xf003ecl\/\" \/>\n<meta property=\"og:site_name\" content=\"CLIE LIMITADA\" \/>\n<meta property=\"article:modified_time\" content=\"2025-07-10T04:25:09+00:00\" \/>\n<meta property=\"og:image\" content=\"https:\/\/www.clie.cl\/wp-content\/uploads\/2025\/04\/Notebook_Lenovo_i7_13620H_16GB512SSD_16IN_W11H_82XF003ECL_clie.cl_.jpg\" \/>\n\t<meta property=\"og:image:width\" content=\"2000\" \/>\n\t<meta property=\"og:image:height\" content=\"2000\" \/>\n\t<meta property=\"og:image:type\" content=\"image\/jpeg\" \/>\n<meta name=\"twitter:card\" content=\"summary_large_image\" \/>\n<meta name=\"twitter:label1\" content=\"Tiempo de lectura\" \/>\n\t<meta name=\"twitter:data1\" content=\"3 minutos\" \/>\n<script type=\"application\/ld+json\" class=\"yoast-schema-graph\">{\"@context\":\"https:\\\/\\\/schema.org\",\"@graph\":[{\"@type\":\"WebPage\",\"@id\":\"https:\\\/\\\/www.clie.cl\\\/index.php\\\/producto\\\/notebook-lenovo-i7-13620h-16gb512ssd-16in-w11h-82xf003ecl\\\/\",\"url\":\"https:\\\/\\\/www.clie.cl\\\/index.php\\\/producto\\\/notebook-lenovo-i7-13620h-16gb512ssd-16in-w11h-82xf003ecl\\\/\",\"name\":\"Notebook Lenovo i7 13620H 16GB512SSD 16IN W11H 82XF003ECL - CLIE LIMITADA\",\"isPartOf\":{\"@id\":\"https:\\\/\\\/www.clie.cl\\\/#website\"},\"primaryImageOfPage\":{\"@id\":\"https:\\\/\\\/www.clie.cl\\\/index.php\\\/producto\\\/notebook-lenovo-i7-13620h-16gb512ssd-16in-w11h-82xf003ecl\\\/#primaryimage\"},\"image\":{\"@id\":\"https:\\\/\\\/www.clie.cl\\\/index.php\\\/producto\\\/notebook-lenovo-i7-13620h-16gb512ssd-16in-w11h-82xf003ecl\\\/#primaryimage\"},\"thumbnailUrl\":\"https:\\\/\\\/www.clie.cl\\\/wp-content\\\/uploads\\\/2025\\\/04\\\/Notebook_Lenovo_i7_13620H_16GB512SSD_16IN_W11H_82XF003ECL_clie.cl_.jpg\",\"datePublished\":\"2025-04-01T17:59:08+00:00\",\"dateModified\":\"2025-07-10T04:25:09+00:00\",\"breadcrumb\":{\"@id\":\"https:\\\/\\\/www.clie.cl\\\/index.php\\\/producto\\\/notebook-lenovo-i7-13620h-16gb512ssd-16in-w11h-82xf003ecl\\\/#breadcrumb\"},\"inLanguage\":\"es\",\"potentialAction\":[{\"@type\":\"ReadAction\",\"target\":[\"https:\\\/\\\/www.clie.cl\\\/index.php\\\/producto\\\/notebook-lenovo-i7-13620h-16gb512ssd-16in-w11h-82xf003ecl\\\/\"]}]},{\"@type\":\"ImageObject\",\"inLanguage\":\"es\",\"@id\":\"https:\\\/\\\/www.clie.cl\\\/index.php\\\/producto\\\/notebook-lenovo-i7-13620h-16gb512ssd-16in-w11h-82xf003ecl\\\/#primaryimage\",\"url\":\"https:\\\/\\\/www.clie.cl\\\/wp-content\\\/uploads\\\/2025\\\/04\\\/Notebook_Lenovo_i7_13620H_16GB512SSD_16IN_W11H_82XF003ECL_clie.cl_.jpg\",\"contentUrl\":\"https:\\\/\\\/www.clie.cl\\\/wp-content\\\/uploads\\\/2025\\\/04\\\/Notebook_Lenovo_i7_13620H_16GB512SSD_16IN_W11H_82XF003ECL_clie.cl_.jpg\",\"width\":2000,\"height\":2000,\"caption\":\"Notebook_Lenovo_i7_13620H_16GB512SSD_16IN_W11H_82XF003ECL_clie.cl\"},{\"@type\":\"BreadcrumbList\",\"@id\":\"https:\\\/\\\/www.clie.cl\\\/index.php\\\/producto\\\/notebook-lenovo-i7-13620h-16gb512ssd-16in-w11h-82xf003ecl\\\/#breadcrumb\",\"itemListElement\":[{\"@type\":\"ListItem\",\"position\":1,\"name\":\"Portada\",\"item\":\"https:\\\/\\\/www.clie.cl\\\/\"},{\"@type\":\"ListItem\",\"position\":2,\"name\":\"Productos\",\"item\":\"https:\\\/\\\/www.clie.cl\\\/index.php\\\/shop\\\/\"},{\"@type\":\"ListItem\",\"position\":3,\"name\":\"Notebook Lenovo i7 13620H 16GB512SSD 16IN W11H 82XF003ECL\"}]},{\"@type\":\"WebSite\",\"@id\":\"https:\\\/\\\/www.clie.cl\\\/#website\",\"url\":\"https:\\\/\\\/www.clie.cl\\\/\",\"name\":\"CLIE.cl\",\"description\":\"Clie Limitada\",\"publisher\":{\"@id\":\"https:\\\/\\\/www.clie.cl\\\/#organization\"},\"alternateName\":\"CLIE\",\"potentialAction\":[{\"@type\":\"SearchAction\",\"target\":{\"@type\":\"EntryPoint\",\"urlTemplate\":\"https:\\\/\\\/www.clie.cl\\\/?s={search_term_string}\"},\"query-input\":{\"@type\":\"PropertyValueSpecification\",\"valueRequired\":true,\"valueName\":\"search_term_string\"}}],\"inLanguage\":\"es\"},{\"@type\":\"Organization\",\"@id\":\"https:\\\/\\\/www.clie.cl\\\/#organization\",\"name\":\"CLIE LIMITADA\",\"url\":\"https:\\\/\\\/www.clie.cl\\\/\",\"logo\":{\"@type\":\"ImageObject\",\"inLanguage\":\"es\",\"@id\":\"https:\\\/\\\/www.clie.cl\\\/#\\\/schema\\\/logo\\\/image\\\/\",\"url\":\"https:\\\/\\\/www.clie.cl\\\/wp-content\\\/uploads\\\/2023\\\/10\\\/logo_clie_front_web_2023.png\",\"contentUrl\":\"https:\\\/\\\/www.clie.cl\\\/wp-content\\\/uploads\\\/2023\\\/10\\\/logo_clie_front_web_2023.png\",\"width\":139,\"height\":118,\"caption\":\"CLIE LIMITADA\"},\"image\":{\"@id\":\"https:\\\/\\\/www.clie.cl\\\/#\\\/schema\\\/logo\\\/image\\\/\"}}]}<\/script>\n<!-- \/ Yoast SEO plugin. -->","yoast_head_json":{"title":"Notebook Lenovo i7 13620H 16GB512SSD 16IN W11H 82XF003ECL - CLIE LIMITADA","robots":{"index":"index","follow":"follow","max-snippet":"max-snippet:-1","max-image-preview":"max-image-preview:large","max-video-preview":"max-video-preview:-1"},"canonical":"https:\/\/www.clie.cl\/index.php\/producto\/notebook-lenovo-i7-13620h-16gb512ssd-16in-w11h-82xf003ecl\/","og_locale":"es_ES","og_type":"article","og_title":"Notebook Lenovo i7 13620H 16GB512SSD 16IN W11H 82XF003ECL - CLIE LIMITADA","og_description":"Producto original.\u00a0","og_url":"https:\/\/www.clie.cl\/index.php\/producto\/notebook-lenovo-i7-13620h-16gb512ssd-16in-w11h-82xf003ecl\/","og_site_name":"CLIE LIMITADA","article_modified_time":"2025-07-10T04:25:09+00:00","og_image":[{"width":2000,"height":2000,"url":"https:\/\/www.clie.cl\/wp-content\/uploads\/2025\/04\/Notebook_Lenovo_i7_13620H_16GB512SSD_16IN_W11H_82XF003ECL_clie.cl_.jpg","type":"image\/jpeg"}],"twitter_card":"summary_large_image","twitter_misc":{"Tiempo de lectura":"3 minutos"},"schema":{"@context":"https:\/\/schema.org","@graph":[{"@type":"WebPage","@id":"https:\/\/www.clie.cl\/index.php\/producto\/notebook-lenovo-i7-13620h-16gb512ssd-16in-w11h-82xf003ecl\/","url":"https:\/\/www.clie.cl\/index.php\/producto\/notebook-lenovo-i7-13620h-16gb512ssd-16in-w11h-82xf003ecl\/","name":"Notebook Lenovo i7 13620H 16GB512SSD 16IN W11H 82XF003ECL - CLIE LIMITADA","isPartOf":{"@id":"https:\/\/www.clie.cl\/#website"},"primaryImageOfPage":{"@id":"https:\/\/www.clie.cl\/index.php\/producto\/notebook-lenovo-i7-13620h-16gb512ssd-16in-w11h-82xf003ecl\/#primaryimage"},"image":{"@id":"https:\/\/www.clie.cl\/index.php\/producto\/notebook-lenovo-i7-13620h-16gb512ssd-16in-w11h-82xf003ecl\/#primaryimage"},"thumbnailUrl":"https:\/\/www.clie.cl\/wp-content\/uploads\/2025\/04\/Notebook_Lenovo_i7_13620H_16GB512SSD_16IN_W11H_82XF003ECL_clie.cl_.jpg","datePublished":"2025-04-01T17:59:08+00:00","dateModified":"2025-07-10T04:25:09+00:00","breadcrumb":{"@id":"https:\/\/www.clie.cl\/index.php\/producto\/notebook-lenovo-i7-13620h-16gb512ssd-16in-w11h-82xf003ecl\/#breadcrumb"},"inLanguage":"es","potentialAction":[{"@type":"ReadAction","target":["https:\/\/www.clie.cl\/index.php\/producto\/notebook-lenovo-i7-13620h-16gb512ssd-16in-w11h-82xf003ecl\/"]}]},{"@type":"ImageObject","inLanguage":"es","@id":"https:\/\/www.clie.cl\/index.php\/producto\/notebook-lenovo-i7-13620h-16gb512ssd-16in-w11h-82xf003ecl\/#primaryimage","url":"https:\/\/www.clie.cl\/wp-content\/uploads\/2025\/04\/Notebook_Lenovo_i7_13620H_16GB512SSD_16IN_W11H_82XF003ECL_clie.cl_.jpg","contentUrl":"https:\/\/www.clie.cl\/wp-content\/uploads\/2025\/04\/Notebook_Lenovo_i7_13620H_16GB512SSD_16IN_W11H_82XF003ECL_clie.cl_.jpg","width":2000,"height":2000,"caption":"Notebook_Lenovo_i7_13620H_16GB512SSD_16IN_W11H_82XF003ECL_clie.cl"},{"@type":"BreadcrumbList","@id":"https:\/\/www.clie.cl\/index.php\/producto\/notebook-lenovo-i7-13620h-16gb512ssd-16in-w11h-82xf003ecl\/#breadcrumb","itemListElement":[{"@type":"ListItem","position":1,"name":"Portada","item":"https:\/\/www.clie.cl\/"},{"@type":"ListItem","position":2,"name":"Productos","item":"https:\/\/www.clie.cl\/index.php\/shop\/"},{"@type":"ListItem","position":3,"name":"Notebook Lenovo i7 13620H 16GB512SSD 16IN W11H 82XF003ECL"}]},{"@type":"WebSite","@id":"https:\/\/www.clie.cl\/#website","url":"https:\/\/www.clie.cl\/","name":"CLIE.cl","description":"Clie Limitada","publisher":{"@id":"https:\/\/www.clie.cl\/#organization"},"alternateName":"CLIE","potentialAction":[{"@type":"SearchAction","target":{"@type":"EntryPoint","urlTemplate":"https:\/\/www.clie.cl\/?s={search_term_string}"},"query-input":{"@type":"PropertyValueSpecification","valueRequired":true,"valueName":"search_term_string"}}],"inLanguage":"es"},{"@type":"Organization","@id":"https:\/\/www.clie.cl\/#organization","name":"CLIE LIMITADA","url":"https:\/\/www.clie.cl\/","logo":{"@type":"ImageObject","inLanguage":"es","@id":"https:\/\/www.clie.cl\/#\/schema\/logo\/image\/","url":"https:\/\/www.clie.cl\/wp-content\/uploads\/2023\/10\/logo_clie_front_web_2023.png","contentUrl":"https:\/\/www.clie.cl\/wp-content\/uploads\/2023\/10\/logo_clie_front_web_2023.png","width":139,"height":118,"caption":"CLIE LIMITADA"},"image":{"@id":"https:\/\/www.clie.cl\/#\/schema\/logo\/image\/"}}]}},"_links":{"self":[{"href":"https:\/\/www.clie.cl\/index.php\/wp-json\/wp\/v2\/product\/6635","targetHints":{"allow":["GET"]}}],"collection":[{"href":"https:\/\/www.clie.cl\/index.php\/wp-json\/wp\/v2\/product"}],"about":[{"href":"https:\/\/www.clie.cl\/index.php\/wp-json\/wp\/v2\/types\/product"}],"replies":[{"embeddable":true,"href":"https:\/\/www.clie.cl\/index.php\/wp-json\/wp\/v2\/comments?post=6635"}],"wp:featuredmedia":[{"embeddable":true,"href":"https:\/\/www.clie.cl\/index.php\/wp-json\/wp\/v2\/media\/6636"}],"wp:attachment":[{"href":"https:\/\/www.clie.cl\/index.php\/wp-json\/wp\/v2\/media?parent=6635"}],"wp:term":[{"taxonomy":"product_brand","embeddable":true,"href":"https:\/\/www.clie.cl\/index.php\/wp-json\/wp\/v2\/product_brand?post=6635"},{"taxonomy":"product_cat","embeddable":true,"href":"https:\/\/www.clie.cl\/index.php\/wp-json\/wp\/v2\/product_cat?post=6635"},{"taxonomy":"product_tag","embeddable":true,"href":"https:\/\/www.clie.cl\/index.php\/wp-json\/wp\/v2\/product_tag?post=6635"}],"curies":[{"name":"wp","href":"https:\/\/api.w.org\/{rel}","templated":true}]}}