{"id":5533,"date":"2024-10-30T10:35:37","date_gmt":"2024-10-30T14:35:37","guid":{"rendered":"https:\/\/www.clie.cl\/?post_type=product&#038;p=5533"},"modified":"2025-07-10T00:25:51","modified_gmt":"2025-07-10T04:25:51","slug":"proyector-viewsonic-ls610wh-4000-lumenes-wxga","status":"publish","type":"product","link":"https:\/\/www.clie.cl\/index.php\/producto\/proyector-viewsonic-ls610wh-4000-lumenes-wxga\/","title":{"rendered":"Proyector Viewsonic LS610WH 4000 Lumenes WXGA"},"content":{"rendered":"<p>LS610WH<br \/>4,000 ANSI Lumens WXGA LED Business\/Education Projector<br \/>Tecnolog\u00eda LED de 3\u00aa generaci\u00f3n para una mayor sostenibilidad\u200b<br \/>Sin mantenimiento: 60.000 horas de vida \u00fatil de la fuente luminosa y menor consumo de energ\u00eda<br \/>4.000 ANSI l\u00famenes para im\u00e1genes brillantes en cualquier entorno<br \/>Facilidad de uso: on\/off instant\u00e1neo Keystone H\/V y control LAN<br \/>Amplia gama crom\u00e1tica para presentaciones de alta calidad<\/p>\n<p>DESCRIPCI\u00d3N<br \/>LS610WH de ViewSonic es un proyector WXGA de alto brillo sin l\u00e1mpara dise\u00f1ado para entornos educativos y empresariales. La elecci\u00f3n sostenible de adoptar la tecnolog\u00eda LED l\u00edder en el sector, elimina la necesidad de sustituir con frecuencia la l\u00e1mpara de mercurio, t\u00f3xica para el medio ambiente, y ofrece 4.000 ANSI l\u00famenes, lo que reduce el coste y el esfuerzo de la sustituci\u00f3n frecuente de la l\u00e1mpara y disminuye el coste total de propiedad. La fuente de luz sin l\u00e1mpara ofrece una mayor sostenibilidad para un medio ambiente m\u00e1s verde, al tiempo que proporciona una gama de colores m\u00e1s amplia para obtener im\u00e1genes brillantes y vivas en salas de reuniones, aulas o cualquier otro entorno. El proyector ofrece un uso eficiente con on\/off instant\u00e1neo, c\u00f3moda actualizaci\u00f3n del software del proyector y correcci\u00f3n trapezoidal vertical y horizontal, al ajuste de las 4 esquinas, junto con una capacidad de proyecci\u00f3n con \u00e1ngulo de inclinaci\u00f3n de 360\u00b0 para aplicaciones flexibles. Gracias a su control LAN completo, facilita la gesti\u00f3n de varios dispositivos y es compatible con Crestron, AMX, Extron, PJ Link, ATEN y vController de ViewSonic.<\/p>\n<p>Tecnolog\u00eda LED de 3\u00aa Gen. Para Una Mayor Sostenibilidad<br \/>La \u00faltima tecnolog\u00eda LED sin mercurio t\u00f3xico y el cambio frecuente de la l\u00e1mpara le da una vida de 60.000 horas con un brillo constante a largo del tiempo. Adem\u00e1s, ahorra tiempo, mano de obra y costes de mantenimiento, al tiempo que garantiza un futuro m\u00e1s ecol\u00f3gico y sostenible.<\/p>\n<p>*Ams OSRAM ha probado la vida \u00fatil de la fuente de luz LED de tercera generaci\u00f3n del proyector,<br \/>basado en el m\u00e9todo de simulaci\u00f3n TM-21 est\u00e1ndar de la industria, utilizando datos de prueba LM-80, criterios L70\/B50 y sus modelos internos de envejecimiento.<br \/>Sin l\u00e1mpara, Sin Mercurio, Sin Mantenimiento<\/p>\n<p>Ahorra M\u00e1s Gracias a la Avanzada Tecnolog\u00eda LED<br \/>El proyector LED adopta la tecnolog\u00eda Ostar Projection Power LED de ams OSRAM, que permite reducir el consumo de energ\u00eda en comparaci\u00f3n con los proyectores basados en l\u00e1mparas de la competencia.<br \/>Menor Consumo de Energ\u00eda<\/p>\n<p>Im\u00e1genes Brillantes en Entornos Profesionales y Educativos<br \/>Gracias a la \u00faltima tecnolog\u00eda LED, el proyector LS610WH alcanza una luminosidad de 4.000 ANSI l\u00famenes. Con una relaci\u00f3n de contraste extremadamente alta de 3.000.000:1, el proyector garantiza im\u00e1genes brillantes y detalladas incluso en condiciones de luminosidad reducida.<br \/>4000 ANSI L\u00famenes<\/p>\n<p>Presenta al M\u00e1ximo con Im\u00e1genes Vibrantes<br \/>Impresiona a tu p\u00fablico con la exclusiva tecnolog\u00eda de color de ViewSonic, que cubre una amplia gama de colores, para que tus presentaciones sean una experiencia crom\u00e1tica aut\u00e9ntica.<\/p>\n<p>Ajuste de la Imagen Sin Esfuerzo<br \/>La correcci\u00f3n trapezoidal horizontal y vertical, junto con las funciones de ajuste de 4 esquinas, eliminan las im\u00e1genes inclinadas o distorsionadas para obtener siempre una imagen perfectamente proporcionada.<br \/>Keystone H\/V, Ajuste de 4 Esquinas<\/p>\n<p>Eficiente on\/off Instant\u00e1neo<br \/>La funci\u00f3n de on\/off instant\u00e1neo permite encender el proyector al instante con el m\u00e1ximo brillo y apagarlo de inmediato sin necesidad de esperar a que se enfr\u00ede, lo cual es conveniente y le ahorrar\u00e1 tiempo.<br \/>Efficient Instant Power On\/Off 1<br \/>M\u00e1xima Versatilidad<br \/>El proyector puede girar libremente en cualquier \u00e1ngulo vertical para ayudar con aplicaciones creativas, permitiendo la proyecci\u00f3n en techos, paredes o se\u00f1alizaci\u00f3n en \u00e1ngulo.<br \/>Proyecci\u00f3n de 360\u00b0 para una Configuraci\u00f3n Vers\u00e1til<br \/>Versatile Application 1<br \/>Control Centralizado Para una Gesti\u00f3n Eficaz<br \/>LS610WH es compatible con los sistemas Crestron, AMX, PJ Link, ATEN y Extron, y est\u00e1 equipado con ViewSonic vController, una herramienta de gesti\u00f3n de red f\u00e1cil e intuitiva.<br \/>Control Integral de LAN<br \/>Centralized Control for Management Efficiency 1<br \/>Una Forma m\u00e1s Sencilla de Actualizar el Software del Proyector<br \/>La actualizaci\u00f3n del software del proyector ViewSonic est\u00e1 disponible en l\u00ednea y permite actualizar el firmware del proyector f\u00e1cilmente con el ordenador port\u00e1til y la conexi\u00f3n del cable USB.<\/p>\n<p>M\u00e1s informaci\u00f3n: https:\/\/youtu.be\/irlhJLpDHas<\/p>\n<p>*Cuando est\u00e9 disponible, la \u00faltima actualizaci\u00f3n del software del proyector se puede encontrar en la secci\u00f3n de descargas en la parte inferior de la p\u00e1gina.<br \/>A Simpler Way to Update Projector Software 1<br \/>Fuente de Alimentaci\u00f3n USB A<br \/>La salida USB integrada de 5 V\/2 A puede alimentar c\u00f3modamente los dongles HDMI inal\u00e1mbricos, eliminando la necesidad de utilizar adaptadores separados cuando se transmiten contenidos multimedia.<br \/>USB Type A Power Supply 1<br \/>Funcionamiento Continuo 24\/7<br \/>El avanzado dise\u00f1o de su sistema de ventilaci\u00f3n permite un funcionamiento ininterrumpido. El funcionamiento sin degradaci\u00f3n de la calidad de imagen ni del rendimiento en el trabajo hace que el proyector sea ideal para aplicaciones que requieren un uso continuo.<br \/>Non-stop 24\/7 Operation 1<br \/>Motor \u00d3ptico Sellado &#8211; Grado de Protecci\u00f3n IP5X<br \/>Garantiza una calidad de imagen cristalina y una larga vida \u00fatil del producto gracias a un avanzado grupo \u00f3ptico sellado que protege contra la penetraci\u00f3n de polvo y evita que afecte al sistema t\u00e9rmico.<br \/>IP5X<\/p>\n<p>ESPECIFICACIONES<\/p>\n<p>Especificaciones<br \/>Sistema de proyecci\u00f3n: 0.65\u00bb WXGA<br \/>Resolucion nativa: 1280&#215;800<br \/>Brillo: 4000 (ANSI Lumens) (ANSI Lumens)<br \/>Brightness (Lumens): 5000<br \/>Relaci\u00f3n de contraste: 3000000:1<br \/>Display Color: 1.07 Billion Colors<br \/>Tipo de fuente de luz: LED<br \/>Light Source Life (hours) with Normal Mode: 60000<br \/>Lente: F=1.6-1.75, f=19.16-23.02<br \/>Compensaci\u00f3n de proyecci\u00f3n: 79%+\/-9%<br \/>Ratio de proyecci\u00f3n: 1.37-1.64<br \/>Zoom \u00f3ptico: 1.2X<br \/>Zoom digital: 0.8x-2.0x<br \/>Tama\u00f1o de la imagen: 30&#8243;-300&#8243;<br \/>Distancia de proyecci\u00f3n: 0.88m-10.59m<br \/>(100&#8243;@2.95m)<br \/>Keystone: H: +\/- 40\u00b0, V: +\/- 40\u00b0<br \/>Ruido audible (Normal): 32dB<br \/>Audible Noise (Eco): 27dB<br \/>Input Lag: 16ms<br \/>Resoluciones soportadas: VGA(640 x 480) to FullHD(1920 x 1080)<br \/>Compatibilidad con HDTV: 480i, 480p, 576i, 576p, 720p, 1080i, 1080p<br \/>Frecuencia horizontal: 15K-102KHz<br \/>Velocidad de exploraci\u00f3n vertical: 23-120Hz<br \/>Entradas<br \/>HDMI: 2<br \/>(HDMI 1.4\/ HDCP 1.4)<br \/>Entrada de audio (3.5 mm): 1<br \/>Salidas<br \/>Audio-out (3.5mm): 1<br \/>Altavoz: 10W<br \/>USB Tipo A (alimentaci\u00f3n): 1 (5V\/1.5A)<br \/>Control<br \/>RS232 (DB 9 pines macho): 1<br \/>RJ45 (LAN control): 1<br \/>USB Type A (Services): 1<br \/>(share with USB A Output)<br \/>Otros<br \/>Voltaje de la fuente de alimentaci\u00f3n: 100-240V+\/- 10%, 50\/60Hz<br \/>(AC in)<br \/>Consumo de energ\u00eda: Normal: 310W<br \/>Standby: &lt;0.5W<br \/>Temperatura de funcionamiento: 0~40\u2103<br \/>Carton: Brown<br \/>Peso neto: 5.00kg<br \/>Gross Weight: 7.00kg<br \/>Dimensiones (WxDxH) con pie de ajuste: 386x276x116mm<br \/>Packing Dimensions: 490x376x268mm<br \/>Idiomas OSD: English, French, Spanish, Thai, Korean, German, Italian, Russian, Swedish, Dutch, Polish, Czech, T-Chinese, S-Chinese, Japanese, Turkish, Portuguese, Finnish, Indonesian, India, Arabic, Vietnamese, Greek, Hungarian. Total 24 languages<br \/>User Guide Language: English, Simp.Chinese, Trad_Chinese, Indonesian, Finish, French, German, Italian, Japanese, Korean, Polish, Portuguese, Russian, Spanish, Swedish, Turkish, Arabic, Czech, Thai, Vietnamese.<br \/>Total 20 languages<br \/>Standard Accessory<br \/>Cable de alimentaci\u00f3n: 1<br \/>Mando a distancia: 1<br \/>(w\/ laser pointer)<br \/>QSG: Yes<br \/>Warranty Card: Yes (CN Only)<br \/>Accesorios opcionales<br \/>Wall\/Ceiling Mount: PJ-WMK-007<\/p>\n","protected":false},"excerpt":{"rendered":"<p>Producto original.<\/p>\n<div id=\"gtx-trans\" style=\"position: absolute;left: -28px;top: -3px\">\n<div class=\"gtx-trans-icon\">\u00a0<\/div>\n<\/div>\n","protected":false},"featured_media":5535,"comment_status":"open","ping_status":"closed","template":"","meta":{"site-sidebar-layout":"default","site-content-layout":"","ast-site-content-layout":"default","site-content-style":"default","site-sidebar-style":"default","ast-global-header-display":"","ast-banner-title-visibility":"","ast-main-header-display":"","ast-hfb-above-header-display":"","ast-hfb-below-header-display":"","ast-hfb-mobile-header-display":"","site-post-title":"","ast-breadcrumbs-content":"","ast-featured-img":"","footer-sml-layout":"","ast-disable-related-posts":"","theme-transparent-header-meta":"default","adv-header-id-meta":"","stick-header-meta":"default","header-above-stick-meta":"","header-main-stick-meta":"","header-below-stick-meta":"","astra-migrate-meta-layouts":"set","ast-page-background-enabled":"default","ast-page-background-meta":{"desktop":{"background-color":"var(--ast-global-color-4)","background-image":"","background-repeat":"repeat","background-position":"center center","background-size":"auto","background-attachment":"scroll","background-type":"","background-media":"","overlay-type":"","overlay-color":"","overlay-opacity":"","overlay-gradient":""},"tablet":{"background-color":"","background-image":"","background-repeat":"repeat","background-position":"center center","background-size":"auto","background-attachment":"scroll","background-type":"","background-media":"","overlay-type":"","overlay-color":"","overlay-opacity":"","overlay-gradient":""},"mobile":{"background-color":"","background-image":"","background-repeat":"repeat","background-position":"center center","background-size":"auto","background-attachment":"scroll","background-type":"","background-media":"","overlay-type":"","overlay-color":"","overlay-opacity":"","overlay-gradient":""}},"ast-content-background-meta":{"desktop":{"background-color":"var(--ast-global-color-5)","background-image":"","background-repeat":"repeat","background-position":"center center","background-size":"auto","background-attachment":"scroll","background-type":"","background-media":"","overlay-type":"","overlay-color":"","overlay-opacity":"","overlay-gradient":""},"tablet":{"background-color":"var(--ast-global-color-5)","background-image":"","background-repeat":"repeat","background-position":"center center","background-size":"auto","background-attachment":"scroll","background-type":"","background-media":"","overlay-type":"","overlay-color":"","overlay-opacity":"","overlay-gradient":""},"mobile":{"background-color":"var(--ast-global-color-5)","background-image":"","background-repeat":"repeat","background-position":"center center","background-size":"auto","background-attachment":"scroll","background-type":"","background-media":"","overlay-type":"","overlay-color":"","overlay-opacity":"","overlay-gradient":""}}},"product_brand":[984],"product_cat":[55,56],"product_tag":[876],"class_list":{"0":"post-5533","1":"product","2":"type-product","3":"status-publish","4":"has-post-thumbnail","6":"product_brand-viewsonic","7":"product_cat-audio-y-video","8":"product_cat-proyectores","9":"product_tag-proyector-viewsonic-ls610wh","10":"desktop-align-left","11":"tablet-align-left","12":"mobile-align-left","13":"ast-product-gallery-layout-horizontal-slider","14":"ast-magnify-disabled","15":"ast-product-tabs-layout-horizontal","16":"ast-qv-on-image","18":"first","19":"outofstock","20":"sale","21":"taxable","22":"shipping-taxable","23":"purchasable","24":"product-type-simple"},"yoast_head":"<!-- This site is optimized with the Yoast SEO plugin v27.5 - https:\/\/yoast.com\/product\/yoast-seo-wordpress\/ -->\n<title>Proyector Viewsonic LS610WH 4000 Lumenes WXGA - CLIE LIMITADA<\/title>\n<meta name=\"robots\" content=\"index, follow, max-snippet:-1, max-image-preview:large, max-video-preview:-1\" \/>\n<link rel=\"canonical\" href=\"https:\/\/www.clie.cl\/index.php\/producto\/proyector-viewsonic-ls610wh-4000-lumenes-wxga\/\" \/>\n<meta property=\"og:locale\" content=\"es_ES\" \/>\n<meta property=\"og:type\" content=\"article\" \/>\n<meta property=\"og:title\" content=\"Proyector Viewsonic LS610WH 4000 Lumenes WXGA - CLIE LIMITADA\" \/>\n<meta property=\"og:description\" content=\"Producto original.\u00a0\" \/>\n<meta property=\"og:url\" content=\"https:\/\/www.clie.cl\/index.php\/producto\/proyector-viewsonic-ls610wh-4000-lumenes-wxga\/\" \/>\n<meta property=\"og:site_name\" content=\"CLIE LIMITADA\" \/>\n<meta property=\"article:modified_time\" content=\"2025-07-10T04:25:51+00:00\" \/>\n<meta property=\"og:image\" content=\"https:\/\/www.clie.cl\/wp-content\/uploads\/2024\/10\/LS610WH_1.jpg\" \/>\n\t<meta property=\"og:image:width\" content=\"2000\" \/>\n\t<meta property=\"og:image:height\" content=\"2000\" \/>\n\t<meta property=\"og:image:type\" content=\"image\/jpeg\" \/>\n<meta name=\"twitter:card\" content=\"summary_large_image\" \/>\n<meta name=\"twitter:label1\" content=\"Tiempo de lectura\" \/>\n\t<meta name=\"twitter:data1\" content=\"1 minuto\" \/>\n<script type=\"application\/ld+json\" class=\"yoast-schema-graph\">{\"@context\":\"https:\\\/\\\/schema.org\",\"@graph\":[{\"@type\":\"WebPage\",\"@id\":\"https:\\\/\\\/www.clie.cl\\\/index.php\\\/producto\\\/proyector-viewsonic-ls610wh-4000-lumenes-wxga\\\/\",\"url\":\"https:\\\/\\\/www.clie.cl\\\/index.php\\\/producto\\\/proyector-viewsonic-ls610wh-4000-lumenes-wxga\\\/\",\"name\":\"Proyector Viewsonic LS610WH 4000 Lumenes WXGA - CLIE LIMITADA\",\"isPartOf\":{\"@id\":\"https:\\\/\\\/www.clie.cl\\\/#website\"},\"primaryImageOfPage\":{\"@id\":\"https:\\\/\\\/www.clie.cl\\\/index.php\\\/producto\\\/proyector-viewsonic-ls610wh-4000-lumenes-wxga\\\/#primaryimage\"},\"image\":{\"@id\":\"https:\\\/\\\/www.clie.cl\\\/index.php\\\/producto\\\/proyector-viewsonic-ls610wh-4000-lumenes-wxga\\\/#primaryimage\"},\"thumbnailUrl\":\"https:\\\/\\\/www.clie.cl\\\/wp-content\\\/uploads\\\/2024\\\/10\\\/LS610WH_1.jpg\",\"datePublished\":\"2024-10-30T14:35:37+00:00\",\"dateModified\":\"2025-07-10T04:25:51+00:00\",\"breadcrumb\":{\"@id\":\"https:\\\/\\\/www.clie.cl\\\/index.php\\\/producto\\\/proyector-viewsonic-ls610wh-4000-lumenes-wxga\\\/#breadcrumb\"},\"inLanguage\":\"es\",\"potentialAction\":[{\"@type\":\"ReadAction\",\"target\":[\"https:\\\/\\\/www.clie.cl\\\/index.php\\\/producto\\\/proyector-viewsonic-ls610wh-4000-lumenes-wxga\\\/\"]}]},{\"@type\":\"ImageObject\",\"inLanguage\":\"es\",\"@id\":\"https:\\\/\\\/www.clie.cl\\\/index.php\\\/producto\\\/proyector-viewsonic-ls610wh-4000-lumenes-wxga\\\/#primaryimage\",\"url\":\"https:\\\/\\\/www.clie.cl\\\/wp-content\\\/uploads\\\/2024\\\/10\\\/LS610WH_1.jpg\",\"contentUrl\":\"https:\\\/\\\/www.clie.cl\\\/wp-content\\\/uploads\\\/2024\\\/10\\\/LS610WH_1.jpg\",\"width\":2000,\"height\":2000,\"caption\":\"Proyector Viewsonic LS610WH\"},{\"@type\":\"BreadcrumbList\",\"@id\":\"https:\\\/\\\/www.clie.cl\\\/index.php\\\/producto\\\/proyector-viewsonic-ls610wh-4000-lumenes-wxga\\\/#breadcrumb\",\"itemListElement\":[{\"@type\":\"ListItem\",\"position\":1,\"name\":\"Portada\",\"item\":\"https:\\\/\\\/www.clie.cl\\\/\"},{\"@type\":\"ListItem\",\"position\":2,\"name\":\"Productos\",\"item\":\"https:\\\/\\\/www.clie.cl\\\/index.php\\\/shop\\\/\"},{\"@type\":\"ListItem\",\"position\":3,\"name\":\"Proyector Viewsonic LS610WH 4000 Lumenes WXGA\"}]},{\"@type\":\"WebSite\",\"@id\":\"https:\\\/\\\/www.clie.cl\\\/#website\",\"url\":\"https:\\\/\\\/www.clie.cl\\\/\",\"name\":\"CLIE.cl\",\"description\":\"Clie Limitada\",\"publisher\":{\"@id\":\"https:\\\/\\\/www.clie.cl\\\/#organization\"},\"alternateName\":\"CLIE\",\"potentialAction\":[{\"@type\":\"SearchAction\",\"target\":{\"@type\":\"EntryPoint\",\"urlTemplate\":\"https:\\\/\\\/www.clie.cl\\\/?s={search_term_string}\"},\"query-input\":{\"@type\":\"PropertyValueSpecification\",\"valueRequired\":true,\"valueName\":\"search_term_string\"}}],\"inLanguage\":\"es\"},{\"@type\":\"Organization\",\"@id\":\"https:\\\/\\\/www.clie.cl\\\/#organization\",\"name\":\"CLIE LIMITADA\",\"url\":\"https:\\\/\\\/www.clie.cl\\\/\",\"logo\":{\"@type\":\"ImageObject\",\"inLanguage\":\"es\",\"@id\":\"https:\\\/\\\/www.clie.cl\\\/#\\\/schema\\\/logo\\\/image\\\/\",\"url\":\"https:\\\/\\\/www.clie.cl\\\/wp-content\\\/uploads\\\/2023\\\/10\\\/logo_clie_front_web_2023.png\",\"contentUrl\":\"https:\\\/\\\/www.clie.cl\\\/wp-content\\\/uploads\\\/2023\\\/10\\\/logo_clie_front_web_2023.png\",\"width\":139,\"height\":118,\"caption\":\"CLIE LIMITADA\"},\"image\":{\"@id\":\"https:\\\/\\\/www.clie.cl\\\/#\\\/schema\\\/logo\\\/image\\\/\"}}]}<\/script>\n<!-- \/ Yoast SEO plugin. -->","yoast_head_json":{"title":"Proyector Viewsonic LS610WH 4000 Lumenes WXGA - CLIE LIMITADA","robots":{"index":"index","follow":"follow","max-snippet":"max-snippet:-1","max-image-preview":"max-image-preview:large","max-video-preview":"max-video-preview:-1"},"canonical":"https:\/\/www.clie.cl\/index.php\/producto\/proyector-viewsonic-ls610wh-4000-lumenes-wxga\/","og_locale":"es_ES","og_type":"article","og_title":"Proyector Viewsonic LS610WH 4000 Lumenes WXGA - CLIE LIMITADA","og_description":"Producto original.\u00a0","og_url":"https:\/\/www.clie.cl\/index.php\/producto\/proyector-viewsonic-ls610wh-4000-lumenes-wxga\/","og_site_name":"CLIE LIMITADA","article_modified_time":"2025-07-10T04:25:51+00:00","og_image":[{"width":2000,"height":2000,"url":"https:\/\/www.clie.cl\/wp-content\/uploads\/2024\/10\/LS610WH_1.jpg","type":"image\/jpeg"}],"twitter_card":"summary_large_image","twitter_misc":{"Tiempo de lectura":"1 minuto"},"schema":{"@context":"https:\/\/schema.org","@graph":[{"@type":"WebPage","@id":"https:\/\/www.clie.cl\/index.php\/producto\/proyector-viewsonic-ls610wh-4000-lumenes-wxga\/","url":"https:\/\/www.clie.cl\/index.php\/producto\/proyector-viewsonic-ls610wh-4000-lumenes-wxga\/","name":"Proyector Viewsonic LS610WH 4000 Lumenes WXGA - CLIE LIMITADA","isPartOf":{"@id":"https:\/\/www.clie.cl\/#website"},"primaryImageOfPage":{"@id":"https:\/\/www.clie.cl\/index.php\/producto\/proyector-viewsonic-ls610wh-4000-lumenes-wxga\/#primaryimage"},"image":{"@id":"https:\/\/www.clie.cl\/index.php\/producto\/proyector-viewsonic-ls610wh-4000-lumenes-wxga\/#primaryimage"},"thumbnailUrl":"https:\/\/www.clie.cl\/wp-content\/uploads\/2024\/10\/LS610WH_1.jpg","datePublished":"2024-10-30T14:35:37+00:00","dateModified":"2025-07-10T04:25:51+00:00","breadcrumb":{"@id":"https:\/\/www.clie.cl\/index.php\/producto\/proyector-viewsonic-ls610wh-4000-lumenes-wxga\/#breadcrumb"},"inLanguage":"es","potentialAction":[{"@type":"ReadAction","target":["https:\/\/www.clie.cl\/index.php\/producto\/proyector-viewsonic-ls610wh-4000-lumenes-wxga\/"]}]},{"@type":"ImageObject","inLanguage":"es","@id":"https:\/\/www.clie.cl\/index.php\/producto\/proyector-viewsonic-ls610wh-4000-lumenes-wxga\/#primaryimage","url":"https:\/\/www.clie.cl\/wp-content\/uploads\/2024\/10\/LS610WH_1.jpg","contentUrl":"https:\/\/www.clie.cl\/wp-content\/uploads\/2024\/10\/LS610WH_1.jpg","width":2000,"height":2000,"caption":"Proyector Viewsonic LS610WH"},{"@type":"BreadcrumbList","@id":"https:\/\/www.clie.cl\/index.php\/producto\/proyector-viewsonic-ls610wh-4000-lumenes-wxga\/#breadcrumb","itemListElement":[{"@type":"ListItem","position":1,"name":"Portada","item":"https:\/\/www.clie.cl\/"},{"@type":"ListItem","position":2,"name":"Productos","item":"https:\/\/www.clie.cl\/index.php\/shop\/"},{"@type":"ListItem","position":3,"name":"Proyector Viewsonic LS610WH 4000 Lumenes WXGA"}]},{"@type":"WebSite","@id":"https:\/\/www.clie.cl\/#website","url":"https:\/\/www.clie.cl\/","name":"CLIE.cl","description":"Clie Limitada","publisher":{"@id":"https:\/\/www.clie.cl\/#organization"},"alternateName":"CLIE","potentialAction":[{"@type":"SearchAction","target":{"@type":"EntryPoint","urlTemplate":"https:\/\/www.clie.cl\/?s={search_term_string}"},"query-input":{"@type":"PropertyValueSpecification","valueRequired":true,"valueName":"search_term_string"}}],"inLanguage":"es"},{"@type":"Organization","@id":"https:\/\/www.clie.cl\/#organization","name":"CLIE LIMITADA","url":"https:\/\/www.clie.cl\/","logo":{"@type":"ImageObject","inLanguage":"es","@id":"https:\/\/www.clie.cl\/#\/schema\/logo\/image\/","url":"https:\/\/www.clie.cl\/wp-content\/uploads\/2023\/10\/logo_clie_front_web_2023.png","contentUrl":"https:\/\/www.clie.cl\/wp-content\/uploads\/2023\/10\/logo_clie_front_web_2023.png","width":139,"height":118,"caption":"CLIE LIMITADA"},"image":{"@id":"https:\/\/www.clie.cl\/#\/schema\/logo\/image\/"}}]}},"_links":{"self":[{"href":"https:\/\/www.clie.cl\/index.php\/wp-json\/wp\/v2\/product\/5533","targetHints":{"allow":["GET"]}}],"collection":[{"href":"https:\/\/www.clie.cl\/index.php\/wp-json\/wp\/v2\/product"}],"about":[{"href":"https:\/\/www.clie.cl\/index.php\/wp-json\/wp\/v2\/types\/product"}],"replies":[{"embeddable":true,"href":"https:\/\/www.clie.cl\/index.php\/wp-json\/wp\/v2\/comments?post=5533"}],"wp:featuredmedia":[{"embeddable":true,"href":"https:\/\/www.clie.cl\/index.php\/wp-json\/wp\/v2\/media\/5535"}],"wp:attachment":[{"href":"https:\/\/www.clie.cl\/index.php\/wp-json\/wp\/v2\/media?parent=5533"}],"wp:term":[{"taxonomy":"product_brand","embeddable":true,"href":"https:\/\/www.clie.cl\/index.php\/wp-json\/wp\/v2\/product_brand?post=5533"},{"taxonomy":"product_cat","embeddable":true,"href":"https:\/\/www.clie.cl\/index.php\/wp-json\/wp\/v2\/product_cat?post=5533"},{"taxonomy":"product_tag","embeddable":true,"href":"https:\/\/www.clie.cl\/index.php\/wp-json\/wp\/v2\/product_tag?post=5533"}],"curies":[{"name":"wp","href":"https:\/\/api.w.org\/{rel}","templated":true}]}}