{"id":2541,"date":"2024-06-13T15:05:48","date_gmt":"2024-06-13T19:05:48","guid":{"rendered":"https:\/\/clie.cl\/?post_type=product&#038;p=2541"},"modified":"2025-07-10T00:25:09","modified_gmt":"2025-07-10T04:25:09","slug":"notebook-asus-expertbook-b1-b1402cba-bv0150x-90nx05v1-m005l0","status":"publish","type":"product","link":"https:\/\/www.clie.cl\/index.php\/producto\/notebook-asus-expertbook-b1-b1402cba-bv0150x-90nx05v1-m005l0\/","title":{"rendered":"Notebook Asus ExpertBook B1 B1402CBA-BV0150X (90NX05V1-M005L0)"},"content":{"rendered":"<h3>Potencia para el \u00c9xito Empresarial<\/h3>\n<p>Equipada con un procesador Intel Core i5-1235U, esta laptop brinda un rendimiento excepcional para completar tareas empresariales de manera r\u00e1pida y eficiente. Con una memoria RAM DDR4-2666 de 8 GB y un almacenamiento SSD de 512 GB, podr\u00e1s manejar m\u00faltiples aplicaciones y datos sin problemas.<\/p>\n<h3>Windows 11 Pro: Modernidad y Seguridad<\/h3>\n<p>Experimenta la innovaci\u00f3n y la seguridad con el sistema operativo Windows 11 Pro. Este entorno avanzado te brinda la plataforma ideal para maximizar la productividad y proteger tus datos empresariales.<\/p>\n<h3>Pantalla Antirreflejos para Claridad Visual<\/h3>\n<p>La pantalla de 14 pulgadas con resoluci\u00f3n de 1920 x 1080 te sumerge en una visualizaci\u00f3n n\u00edtida y clara. El dise\u00f1o de bisel delgado NanoEdge aprovecha al m\u00e1ximo el espacio de trabajo en una forma compacta y port\u00e1til.<\/p>\n<h3>Movilidad sin Compromisos<\/h3>\n<p>Con tan solo 1.5 kg de peso, la ASUS ExpertBook B1402CBA-BV0150X es ultraligera y port\u00e1til. Ll\u00e9vala contigo a cualquier lugar, desde tu oficina hasta caf\u00e9s y reuniones, sin problemas.<\/p>\n<h3>Dise\u00f1o Robusto y Seguro<\/h3>\n<p>Esta laptop est\u00e1 dise\u00f1ada para durar, con resistencia de grado militar y caracter\u00edsticas de seguridad corporativa. Tus datos estar\u00e1n protegidos y la laptop aguantar\u00e1 el ritmo del uso diario.<\/p>\n<h3>Teclado Ergon\u00f3mico para una Experiencia Superior<\/h3>\n<p>El teclado de la ExpertBook se ha dise\u00f1ado pensando en tu comodidad. Las teclas de viaje largo proporcionan una experiencia de escritura receptiva y c\u00f3moda, similar a la de un escritorio.<\/p>\n<h3>Precisi\u00f3n en tus Manos con SensePoint<\/h3>\n<p>La protuberancia SensePoint en el teclado ofrece un control preciso y eficiente del cursor en pantalla. Navega y trabaja con facilidad, aumentando la eficiencia en cada tarea.<\/p>\n<h3>Actualizaci\u00f3n F\u00e1cil para un Futuro S\u00f3lido<\/h3>\n<p>ExpertBook est\u00e1 dise\u00f1ada para adaptarse al futuro. Su dise\u00f1o permite un f\u00e1cil acceso a los componentes internos, lo que asegura que tu laptop est\u00e9 siempre a la vanguardia.<\/p>\n<p>Estamos comprometidos a brindarte las mejores soluciones tecnol\u00f3gicas para tu negocio. La ASUS ExpertBook B1402CBA-BV0150X te ofrece fiabilidad, eficiencia y rendimiento en un solo dispositivo. No dejes que nada te detenga en tu camino hacia el \u00e9xito. \u00a1<\/p>\n<table class=\"table table-bordered\">\n<tbody>\n<tr>\n<td>Sistema operativo<\/td>\n<td>Windows 11 Pro (64 bits)<\/td>\n<\/tr>\n<\/tbody>\n<\/table>\n<p>&nbsp;<\/p>\n<p>Presentaci\u00f3n<\/p>\n<table class=\"table table-bordered\">\n<tbody>\n<tr>\n<td>CPU<\/td>\n<td>Intel Core i5-1235U de 10 n\u00facleos, 12 hilos y hasta 4,4 GHz<\/td>\n<\/tr>\n<tr>\n<td>Velocidad m\u00e1xima de impulso<\/td>\n<td>4,4 GHz<\/td>\n<\/tr>\n<tr>\n<td>Cach\u00e9 L3<\/td>\n<td>12 MB<\/td>\n<\/tr>\n<tr>\n<td>Tipo de memoria<\/td>\n<td>DDR4 de 2666 MHz<\/td>\n<\/tr>\n<tr>\n<td>Memoria total instalada<\/td>\n<td>8 GB<\/td>\n<\/tr>\n<tr>\n<td>Configuraci\u00f3n de memoria<\/td>\n<td>m\u00e1ximo 32GB<\/td>\n<\/tr>\n<tr>\n<td>Tipo de gr\u00e1ficos<\/td>\n<td>Integrado<\/td>\n<\/tr>\n<tr>\n<td>GPU<\/td>\n<td>Gr\u00e1ficos Intel UHD 620<\/td>\n<\/tr>\n<\/tbody>\n<\/table>\n<p>&nbsp;<\/p>\n<p>Monitor<\/p>\n<table class=\"table table-bordered\">\n<tbody>\n<tr>\n<td>Tipo de panel<\/td>\n<td>IPS Antireflejos<\/td>\n<\/tr>\n<tr>\n<td>Talla<\/td>\n<td>14 \u00bb<\/td>\n<\/tr>\n<tr>\n<td>Relaci\u00f3n de aspecto<\/td>\n<td>16: 9<\/td>\n<\/tr>\n<tr>\n<td>Resoluci\u00f3n<\/td>\n<td>1920 x 1080<\/td>\n<\/tr>\n<tr>\n<td>Pantalla t\u00e1ctil<\/td>\n<td>No<\/td>\n<\/tr>\n<tr>\n<td>Terminaci\u00f3n<\/td>\n<td>Azul concha<\/td>\n<\/tr>\n<tr>\n<td>Brillo m\u00e1ximo<\/td>\n<td>300 cd \/ m 2<\/td>\n<\/tr>\n<tr>\n<td>Gama de colores<\/td>\n<td>100% sRGB<br \/>\n72% NTSC<\/td>\n<\/tr>\n<tr>\n<td>Tecnolog\u00eda Adaptive-Sync<\/td>\n<td>Ninguna<\/td>\n<\/tr>\n<tr>\n<td>\u00c1ngulo de visi\u00f3n (H x V)<\/td>\n<td>178 x 178 \u00b0<\/td>\n<\/tr>\n<\/tbody>\n<\/table>\n<p>&nbsp;<\/p>\n<p>Almacenamiento y expansi\u00f3n<\/p>\n<table class=\"table table-bordered\">\n<tbody>\n<tr>\n<td>Capacidad total instalada<\/td>\n<td>512GB<\/td>\n<\/tr>\n<tr>\n<td>Unidad \u00f3ptica<\/td>\n<td>Ninguna<\/td>\n<\/tr>\n<\/tbody>\n<\/table>\n<p>&nbsp;<\/p>\n<p>E \/ S<\/p>\n<table class=\"table table-bordered\">\n<tbody>\n<tr>\n<td>Puertos<\/td>\n<td>1 x Type-C USB 3.2 (Gen 2) with display and power delivery support<br \/>\n2 x Type-A USB 3.2 (Gen 1)<br \/>\n1 x Type-A USB2.0<\/td>\n<\/tr>\n<tr>\n<td>Monitor<\/td>\n<td>1 x Salida HDMI 1.4<\/td>\n<\/tr>\n<tr>\n<td>Audio<\/td>\n<td>1 x COMBO audio jack<\/td>\n<\/tr>\n<tr>\n<td>Altavoces incorporados<\/td>\n<td>2<\/td>\n<\/tr>\n<tr>\n<td>Micr\u00f3fonos incorporados<\/td>\n<td>4 x campo lejano<\/td>\n<\/tr>\n<tr>\n<td>Ranuras para tarjetas multimedia<\/td>\n<td>1 x micro SD card<\/td>\n<\/tr>\n<\/tbody>\n<\/table>\n<p>&nbsp;<\/p>\n<p>Comunicaciones<\/p>\n<table class=\"table table-bordered\">\n<tbody>\n<tr>\n<td>Ethernet<\/td>\n<td>1 x RJ45 (Gigabit)<\/td>\n<\/tr>\n<tr>\n<td>Wifi<\/td>\n<td>Integrated Wi-Fi 5 (802.11 ac)<\/td>\n<\/tr>\n<tr>\n<td>Bluetooth<\/td>\n<td>5,0<\/td>\n<\/tr>\n<tr>\n<td>GPS<\/td>\n<td>Ninguna<\/td>\n<\/tr>\n<tr>\n<td>NFC<\/td>\n<td>No<\/td>\n<\/tr>\n<tr>\n<td>C\u00e1mara web<\/td>\n<td>Orientado al usuario: 720p<\/td>\n<\/tr>\n<\/tbody>\n<\/table>\n<p>&nbsp;<\/p>\n<p>Bater\u00eda<\/p>\n<table class=\"table table-bordered\">\n<tbody>\n<tr>\n<td>Qu\u00edmica de la bater\u00eda<\/td>\n<td>Pol\u00edmero de iones de litio (LiPo)<\/td>\n<\/tr>\n<tr>\n<td>Capacidad<\/td>\n<td>3 -Cell 48 Wh<\/td>\n<\/tr>\n<\/tbody>\n<\/table>\n<p>&nbsp;<\/p>\n<p>Teclado y rat\u00f3n<\/p>\n<table class=\"table table-bordered\">\n<tbody>\n<tr>\n<td>Teclado<\/td>\n<td>Teclado de port\u00e1til<\/td>\n<\/tr>\n<tr>\n<td>Dispositivo se\u00f1alador<\/td>\n<td>TouchPad<\/td>\n<\/tr>\n<\/tbody>\n<\/table>\n<p>&nbsp;<\/p>\n<p>General<\/p>\n<table class=\"table table-bordered\">\n<tbody>\n<tr>\n<td>Seguridad<\/td>\n<td>1 x Fingerprint reader<\/td>\n<\/tr>\n<tr>\n<td>Fuente de alimentaci\u00f3n<\/td>\n<td>65 W<\/td>\n<\/tr>\n<tr>\n<td>Energ\u00eda de entrada de CA<\/td>\n<td>100 a 240 VCA, 50\/60 Hz a 3,25 A<\/td>\n<\/tr>\n<tr>\n<td>Dimensiones<\/td>\n<td>32.53 x 23.29 x 1.99 cm<\/td>\n<\/tr>\n<tr>\n<td>Peso<\/td>\n<td>1.5 kg ~ 1.6 kg\u00a0 con bater\u00eda<\/td>\n<\/tr>\n<\/tbody>\n<\/table>\n","protected":false},"excerpt":{"rendered":"<p>Producto original.<\/p>\n<div id=\"gtx-trans\" style=\"position: absolute;left: -5px;top: -3px\">\n<div class=\"gtx-trans-icon\">\u00a0<\/div>\n<\/div>\n","protected":false},"featured_media":4879,"comment_status":"open","ping_status":"closed","template":"","meta":{"site-sidebar-layout":"default","site-content-layout":"","ast-site-content-layout":"default","site-content-style":"default","site-sidebar-style":"default","ast-global-header-display":"","ast-banner-title-visibility":"","ast-main-header-display":"","ast-hfb-above-header-display":"","ast-hfb-below-header-display":"","ast-hfb-mobile-header-display":"","site-post-title":"","ast-breadcrumbs-content":"","ast-featured-img":"","footer-sml-layout":"","ast-disable-related-posts":"","theme-transparent-header-meta":"default","adv-header-id-meta":"","stick-header-meta":"default","header-above-stick-meta":"","header-main-stick-meta":"","header-below-stick-meta":"","astra-migrate-meta-layouts":"set","ast-page-background-enabled":"default","ast-page-background-meta":{"desktop":{"background-color":"var(--ast-global-color-4)","background-image":"","background-repeat":"repeat","background-position":"center center","background-size":"auto","background-attachment":"scroll","background-type":"","background-media":"","overlay-type":"","overlay-color":"","overlay-opacity":"","overlay-gradient":""},"tablet":{"background-color":"","background-image":"","background-repeat":"repeat","background-position":"center center","background-size":"auto","background-attachment":"scroll","background-type":"","background-media":"","overlay-type":"","overlay-color":"","overlay-opacity":"","overlay-gradient":""},"mobile":{"background-color":"","background-image":"","background-repeat":"repeat","background-position":"center center","background-size":"auto","background-attachment":"scroll","background-type":"","background-media":"","overlay-type":"","overlay-color":"","overlay-opacity":"","overlay-gradient":""}},"ast-content-background-meta":{"desktop":{"background-color":"var(--ast-global-color-5)","background-image":"","background-repeat":"repeat","background-position":"center center","background-size":"auto","background-attachment":"scroll","background-type":"","background-media":"","overlay-type":"","overlay-color":"","overlay-opacity":"","overlay-gradient":""},"tablet":{"background-color":"var(--ast-global-color-5)","background-image":"","background-repeat":"repeat","background-position":"center center","background-size":"auto","background-attachment":"scroll","background-type":"","background-media":"","overlay-type":"","overlay-color":"","overlay-opacity":"","overlay-gradient":""},"mobile":{"background-color":"var(--ast-global-color-5)","background-image":"","background-repeat":"repeat","background-position":"center center","background-size":"auto","background-attachment":"scroll","background-type":"","background-media":"","overlay-type":"","overlay-color":"","overlay-opacity":"","overlay-gradient":""}}},"product_brand":[970],"product_cat":[54,102],"product_tag":[743,274,273],"class_list":{"0":"post-2541","1":"product","2":"type-product","3":"status-publish","4":"has-post-thumbnail","6":"product_brand-asus","7":"product_cat-computadores","8":"product_cat-notebooks","9":"product_tag-b1402cba-bv0150x","10":"product_tag-i5","11":"product_tag-notebook","12":"desktop-align-left","13":"tablet-align-left","14":"mobile-align-left","15":"ast-product-gallery-layout-horizontal-slider","16":"ast-product-gallery-with-no-image","17":"ast-magnify-disabled","18":"ast-product-tabs-layout-horizontal","19":"ast-qv-on-image","21":"first","22":"outofstock","23":"sale","24":"taxable","25":"shipping-taxable","26":"purchasable","27":"product-type-simple"},"yoast_head":"<!-- This site is optimized with the Yoast SEO plugin v27.5 - https:\/\/yoast.com\/product\/yoast-seo-wordpress\/ -->\n<title>Notebook Asus ExpertBook B1 B1402CBA-BV0150X (90NX05V1-M005L0) - CLIE LIMITADA<\/title>\n<meta name=\"robots\" content=\"index, follow, max-snippet:-1, max-image-preview:large, max-video-preview:-1\" \/>\n<link rel=\"canonical\" href=\"https:\/\/www.clie.cl\/index.php\/producto\/notebook-asus-expertbook-b1-b1402cba-bv0150x-90nx05v1-m005l0\/\" \/>\n<meta property=\"og:locale\" content=\"es_ES\" \/>\n<meta property=\"og:type\" content=\"article\" \/>\n<meta property=\"og:title\" content=\"Notebook Asus ExpertBook B1 B1402CBA-BV0150X (90NX05V1-M005L0) - CLIE LIMITADA\" \/>\n<meta property=\"og:description\" content=\"Producto original.\u00a0\" \/>\n<meta property=\"og:url\" content=\"https:\/\/www.clie.cl\/index.php\/producto\/notebook-asus-expertbook-b1-b1402cba-bv0150x-90nx05v1-m005l0\/\" \/>\n<meta property=\"og:site_name\" content=\"CLIE LIMITADA\" \/>\n<meta property=\"article:modified_time\" content=\"2025-07-10T04:25:09+00:00\" \/>\n<meta property=\"og:image\" content=\"https:\/\/www.clie.cl\/wp-content\/uploads\/2024\/06\/B1402CBA-BV0150X.jpg\" \/>\n\t<meta property=\"og:image:width\" content=\"2000\" \/>\n\t<meta property=\"og:image:height\" content=\"2000\" \/>\n\t<meta property=\"og:image:type\" content=\"image\/jpeg\" \/>\n<meta name=\"twitter:card\" content=\"summary_large_image\" \/>\n<meta name=\"twitter:label1\" content=\"Tiempo de lectura\" \/>\n\t<meta name=\"twitter:data1\" content=\"3 minutos\" \/>\n<script type=\"application\/ld+json\" class=\"yoast-schema-graph\">{\"@context\":\"https:\\\/\\\/schema.org\",\"@graph\":[{\"@type\":\"WebPage\",\"@id\":\"https:\\\/\\\/www.clie.cl\\\/index.php\\\/producto\\\/notebook-asus-expertbook-b1-b1402cba-bv0150x-90nx05v1-m005l0\\\/\",\"url\":\"https:\\\/\\\/www.clie.cl\\\/index.php\\\/producto\\\/notebook-asus-expertbook-b1-b1402cba-bv0150x-90nx05v1-m005l0\\\/\",\"name\":\"Notebook Asus ExpertBook B1 B1402CBA-BV0150X (90NX05V1-M005L0) - CLIE LIMITADA\",\"isPartOf\":{\"@id\":\"https:\\\/\\\/www.clie.cl\\\/#website\"},\"primaryImageOfPage\":{\"@id\":\"https:\\\/\\\/www.clie.cl\\\/index.php\\\/producto\\\/notebook-asus-expertbook-b1-b1402cba-bv0150x-90nx05v1-m005l0\\\/#primaryimage\"},\"image\":{\"@id\":\"https:\\\/\\\/www.clie.cl\\\/index.php\\\/producto\\\/notebook-asus-expertbook-b1-b1402cba-bv0150x-90nx05v1-m005l0\\\/#primaryimage\"},\"thumbnailUrl\":\"https:\\\/\\\/www.clie.cl\\\/wp-content\\\/uploads\\\/2024\\\/06\\\/B1402CBA-BV0150X.jpg\",\"datePublished\":\"2024-06-13T19:05:48+00:00\",\"dateModified\":\"2025-07-10T04:25:09+00:00\",\"breadcrumb\":{\"@id\":\"https:\\\/\\\/www.clie.cl\\\/index.php\\\/producto\\\/notebook-asus-expertbook-b1-b1402cba-bv0150x-90nx05v1-m005l0\\\/#breadcrumb\"},\"inLanguage\":\"es\",\"potentialAction\":[{\"@type\":\"ReadAction\",\"target\":[\"https:\\\/\\\/www.clie.cl\\\/index.php\\\/producto\\\/notebook-asus-expertbook-b1-b1402cba-bv0150x-90nx05v1-m005l0\\\/\"]}]},{\"@type\":\"ImageObject\",\"inLanguage\":\"es\",\"@id\":\"https:\\\/\\\/www.clie.cl\\\/index.php\\\/producto\\\/notebook-asus-expertbook-b1-b1402cba-bv0150x-90nx05v1-m005l0\\\/#primaryimage\",\"url\":\"https:\\\/\\\/www.clie.cl\\\/wp-content\\\/uploads\\\/2024\\\/06\\\/B1402CBA-BV0150X.jpg\",\"contentUrl\":\"https:\\\/\\\/www.clie.cl\\\/wp-content\\\/uploads\\\/2024\\\/06\\\/B1402CBA-BV0150X.jpg\",\"width\":2000,\"height\":2000},{\"@type\":\"BreadcrumbList\",\"@id\":\"https:\\\/\\\/www.clie.cl\\\/index.php\\\/producto\\\/notebook-asus-expertbook-b1-b1402cba-bv0150x-90nx05v1-m005l0\\\/#breadcrumb\",\"itemListElement\":[{\"@type\":\"ListItem\",\"position\":1,\"name\":\"Portada\",\"item\":\"https:\\\/\\\/www.clie.cl\\\/\"},{\"@type\":\"ListItem\",\"position\":2,\"name\":\"Productos\",\"item\":\"https:\\\/\\\/www.clie.cl\\\/index.php\\\/shop\\\/\"},{\"@type\":\"ListItem\",\"position\":3,\"name\":\"Notebook Asus ExpertBook B1 B1402CBA-BV0150X (90NX05V1-M005L0)\"}]},{\"@type\":\"WebSite\",\"@id\":\"https:\\\/\\\/www.clie.cl\\\/#website\",\"url\":\"https:\\\/\\\/www.clie.cl\\\/\",\"name\":\"CLIE.cl\",\"description\":\"Clie Limitada\",\"publisher\":{\"@id\":\"https:\\\/\\\/www.clie.cl\\\/#organization\"},\"alternateName\":\"CLIE\",\"potentialAction\":[{\"@type\":\"SearchAction\",\"target\":{\"@type\":\"EntryPoint\",\"urlTemplate\":\"https:\\\/\\\/www.clie.cl\\\/?s={search_term_string}\"},\"query-input\":{\"@type\":\"PropertyValueSpecification\",\"valueRequired\":true,\"valueName\":\"search_term_string\"}}],\"inLanguage\":\"es\"},{\"@type\":\"Organization\",\"@id\":\"https:\\\/\\\/www.clie.cl\\\/#organization\",\"name\":\"CLIE LIMITADA\",\"url\":\"https:\\\/\\\/www.clie.cl\\\/\",\"logo\":{\"@type\":\"ImageObject\",\"inLanguage\":\"es\",\"@id\":\"https:\\\/\\\/www.clie.cl\\\/#\\\/schema\\\/logo\\\/image\\\/\",\"url\":\"https:\\\/\\\/www.clie.cl\\\/wp-content\\\/uploads\\\/2023\\\/10\\\/logo_clie_front_web_2023.png\",\"contentUrl\":\"https:\\\/\\\/www.clie.cl\\\/wp-content\\\/uploads\\\/2023\\\/10\\\/logo_clie_front_web_2023.png\",\"width\":139,\"height\":118,\"caption\":\"CLIE LIMITADA\"},\"image\":{\"@id\":\"https:\\\/\\\/www.clie.cl\\\/#\\\/schema\\\/logo\\\/image\\\/\"}}]}<\/script>\n<!-- \/ Yoast SEO plugin. -->","yoast_head_json":{"title":"Notebook Asus ExpertBook B1 B1402CBA-BV0150X (90NX05V1-M005L0) - CLIE LIMITADA","robots":{"index":"index","follow":"follow","max-snippet":"max-snippet:-1","max-image-preview":"max-image-preview:large","max-video-preview":"max-video-preview:-1"},"canonical":"https:\/\/www.clie.cl\/index.php\/producto\/notebook-asus-expertbook-b1-b1402cba-bv0150x-90nx05v1-m005l0\/","og_locale":"es_ES","og_type":"article","og_title":"Notebook Asus ExpertBook B1 B1402CBA-BV0150X (90NX05V1-M005L0) - CLIE LIMITADA","og_description":"Producto original.\u00a0","og_url":"https:\/\/www.clie.cl\/index.php\/producto\/notebook-asus-expertbook-b1-b1402cba-bv0150x-90nx05v1-m005l0\/","og_site_name":"CLIE LIMITADA","article_modified_time":"2025-07-10T04:25:09+00:00","og_image":[{"width":2000,"height":2000,"url":"https:\/\/www.clie.cl\/wp-content\/uploads\/2024\/06\/B1402CBA-BV0150X.jpg","type":"image\/jpeg"}],"twitter_card":"summary_large_image","twitter_misc":{"Tiempo de lectura":"3 minutos"},"schema":{"@context":"https:\/\/schema.org","@graph":[{"@type":"WebPage","@id":"https:\/\/www.clie.cl\/index.php\/producto\/notebook-asus-expertbook-b1-b1402cba-bv0150x-90nx05v1-m005l0\/","url":"https:\/\/www.clie.cl\/index.php\/producto\/notebook-asus-expertbook-b1-b1402cba-bv0150x-90nx05v1-m005l0\/","name":"Notebook Asus ExpertBook B1 B1402CBA-BV0150X (90NX05V1-M005L0) - CLIE LIMITADA","isPartOf":{"@id":"https:\/\/www.clie.cl\/#website"},"primaryImageOfPage":{"@id":"https:\/\/www.clie.cl\/index.php\/producto\/notebook-asus-expertbook-b1-b1402cba-bv0150x-90nx05v1-m005l0\/#primaryimage"},"image":{"@id":"https:\/\/www.clie.cl\/index.php\/producto\/notebook-asus-expertbook-b1-b1402cba-bv0150x-90nx05v1-m005l0\/#primaryimage"},"thumbnailUrl":"https:\/\/www.clie.cl\/wp-content\/uploads\/2024\/06\/B1402CBA-BV0150X.jpg","datePublished":"2024-06-13T19:05:48+00:00","dateModified":"2025-07-10T04:25:09+00:00","breadcrumb":{"@id":"https:\/\/www.clie.cl\/index.php\/producto\/notebook-asus-expertbook-b1-b1402cba-bv0150x-90nx05v1-m005l0\/#breadcrumb"},"inLanguage":"es","potentialAction":[{"@type":"ReadAction","target":["https:\/\/www.clie.cl\/index.php\/producto\/notebook-asus-expertbook-b1-b1402cba-bv0150x-90nx05v1-m005l0\/"]}]},{"@type":"ImageObject","inLanguage":"es","@id":"https:\/\/www.clie.cl\/index.php\/producto\/notebook-asus-expertbook-b1-b1402cba-bv0150x-90nx05v1-m005l0\/#primaryimage","url":"https:\/\/www.clie.cl\/wp-content\/uploads\/2024\/06\/B1402CBA-BV0150X.jpg","contentUrl":"https:\/\/www.clie.cl\/wp-content\/uploads\/2024\/06\/B1402CBA-BV0150X.jpg","width":2000,"height":2000},{"@type":"BreadcrumbList","@id":"https:\/\/www.clie.cl\/index.php\/producto\/notebook-asus-expertbook-b1-b1402cba-bv0150x-90nx05v1-m005l0\/#breadcrumb","itemListElement":[{"@type":"ListItem","position":1,"name":"Portada","item":"https:\/\/www.clie.cl\/"},{"@type":"ListItem","position":2,"name":"Productos","item":"https:\/\/www.clie.cl\/index.php\/shop\/"},{"@type":"ListItem","position":3,"name":"Notebook Asus ExpertBook B1 B1402CBA-BV0150X (90NX05V1-M005L0)"}]},{"@type":"WebSite","@id":"https:\/\/www.clie.cl\/#website","url":"https:\/\/www.clie.cl\/","name":"CLIE.cl","description":"Clie Limitada","publisher":{"@id":"https:\/\/www.clie.cl\/#organization"},"alternateName":"CLIE","potentialAction":[{"@type":"SearchAction","target":{"@type":"EntryPoint","urlTemplate":"https:\/\/www.clie.cl\/?s={search_term_string}"},"query-input":{"@type":"PropertyValueSpecification","valueRequired":true,"valueName":"search_term_string"}}],"inLanguage":"es"},{"@type":"Organization","@id":"https:\/\/www.clie.cl\/#organization","name":"CLIE LIMITADA","url":"https:\/\/www.clie.cl\/","logo":{"@type":"ImageObject","inLanguage":"es","@id":"https:\/\/www.clie.cl\/#\/schema\/logo\/image\/","url":"https:\/\/www.clie.cl\/wp-content\/uploads\/2023\/10\/logo_clie_front_web_2023.png","contentUrl":"https:\/\/www.clie.cl\/wp-content\/uploads\/2023\/10\/logo_clie_front_web_2023.png","width":139,"height":118,"caption":"CLIE LIMITADA"},"image":{"@id":"https:\/\/www.clie.cl\/#\/schema\/logo\/image\/"}}]}},"_links":{"self":[{"href":"https:\/\/www.clie.cl\/index.php\/wp-json\/wp\/v2\/product\/2541","targetHints":{"allow":["GET"]}}],"collection":[{"href":"https:\/\/www.clie.cl\/index.php\/wp-json\/wp\/v2\/product"}],"about":[{"href":"https:\/\/www.clie.cl\/index.php\/wp-json\/wp\/v2\/types\/product"}],"replies":[{"embeddable":true,"href":"https:\/\/www.clie.cl\/index.php\/wp-json\/wp\/v2\/comments?post=2541"}],"wp:featuredmedia":[{"embeddable":true,"href":"https:\/\/www.clie.cl\/index.php\/wp-json\/wp\/v2\/media\/4879"}],"wp:attachment":[{"href":"https:\/\/www.clie.cl\/index.php\/wp-json\/wp\/v2\/media?parent=2541"}],"wp:term":[{"taxonomy":"product_brand","embeddable":true,"href":"https:\/\/www.clie.cl\/index.php\/wp-json\/wp\/v2\/product_brand?post=2541"},{"taxonomy":"product_cat","embeddable":true,"href":"https:\/\/www.clie.cl\/index.php\/wp-json\/wp\/v2\/product_cat?post=2541"},{"taxonomy":"product_tag","embeddable":true,"href":"https:\/\/www.clie.cl\/index.php\/wp-json\/wp\/v2\/product_tag?post=2541"}],"curies":[{"name":"wp","href":"https:\/\/api.w.org\/{rel}","templated":true}]}}