{"id":1969,"date":"2024-05-30T11:26:25","date_gmt":"2024-05-30T15:26:25","guid":{"rendered":"https:\/\/clie.cl\/?post_type=product&#038;p=1969"},"modified":"2025-11-13T11:03:47","modified_gmt":"2025-11-13T15:03:47","slug":"monitor-lg-27-gamer-27gs60f-b-ips-full-hd","status":"publish","type":"product","link":"https:\/\/www.clie.cl\/index.php\/producto\/monitor-lg-27-gamer-27gs60f-b-ips-full-hd\/","title":{"rendered":"Monitor LG 27 GAMER 27GS60F-B IPS FULL HD"},"content":{"rendered":"<p>Monitor gaming UltraGear\u2122 Full HD IPS de 27\u201d | 180 Hz, IPS 1 ms (GtG), HDR10<\/p>\n<p>27GS60F-B<\/p>\n<p>Presentamos el monitor gaming queHemos elevado el est\u00e1ndar de velocidad de UltraGear de 144 Hz a 180 Hz. Puedes disfrutar de im\u00e1genes ultra claras y fluidas con una frecuencia de actualizaci\u00f3n de 180 Hz, que carga im\u00e1genes 180 veces en un segundo.<\/p>\n<p>Funciones principales<\/p>\n<p>Pantalla Full HD de 27 pulgadas (1920 x 1080)<br \/>IPS 1 ms (GtG)<br \/>Frecuencia de actualizaci\u00f3n de 180 Hz<br \/>Dise\u00f1o de 3 lados pr\u00e1cticamente sin bordes<br \/>HDR10\/sRGB 99% (Typ.)<br \/>Compatible con NVIDIA\u00ae G-SYNC\u00ae \/ AMD FreeSync\u2122<\/p>\n<p>Imagen n\u00edtida<br \/>desde cualquier \u00e1ngulo.<br \/>Experimenta im\u00e1genes vibrantes con un tiempo de respuesta r\u00e1pido de 1 ms, que reduce el efecto fantasma inverso y el retraso de entrada. Adem\u00e1s, el panel IPS te permite disfrutar de estas impresionantes im\u00e1genes con claridad desde un amplio \u00e1ngulo de hasta 178\u00b0.<\/p>\n<p>Tecnolog\u00eda paraun juego impecable<br \/>Disfruta de gr\u00e1ficos perfectos con menos desfase, interrupciones o fluctuaciones causadas por diferencias en las especificaciones de hardware y software mediante la sincronizaci\u00f3n a trav\u00e9s de NVIDIA\u00ae G-SYNC\u00ae Compatible, AMD FreeSync\u2122.<\/p>\n<p>Dise\u00f1ado para gamers<br \/>Mejora tu experiencia de juego con un dise\u00f1o de 3 lados pr\u00e1cticamente sin bordes para una vista inmersiva y una base ajustable en inclinaci\u00f3n para ayudarlo a jugar m\u00e1s c\u00f3modamente.<\/p>\n<p>Dynamic Action Sync<br \/>Al reducir el retraso de entrada con Dynamic Action Sync, los jugadores pueden captar momentos cr\u00edticos en tiempo real y responder r\u00e1pidamente.<\/p>\n<p>Black Stabilizer<br \/>Black Stabilizer ayuda a los jugadores a detectar francotiradores que acechan en los rincones m\u00e1s oscuros y navegar r\u00e1pidamente por explosiones repentinas.<\/p>\n<p>Crosshair<br \/>El punto objetivo est\u00e1 fijo en el centro para mejorar la precisi\u00f3n del disparo.<\/p>\n<p>Contador de FPS<br \/>El contador de FPS te permitir\u00e1 ver qu\u00e9 tan bien se carga todo. Ya sea que est\u00e9s editando, jugando o viendo una pel\u00edcula, cada fotograma importa y con el contador de FPS tendr\u00e1s datos en tiempo real.<\/p>\n<p>*Las im\u00e1genes son simuladas para mejorar la comprensi\u00f3n de las funciones. Pueden diferir del uso real.<\/p>\n<p>Varios<br \/>Respetuoso del medio ambiente S\u00ed<br \/>Cumplimiento ambiental Restriction of Hazardous Substances (RoHS)<br \/>Descripci\u00f3n de la Alimentaci\u00f3n<br \/>Frecuencia 60Hz<br \/>50Hz<br \/>Consumo de energ\u00eda 19W<br \/>Consumo de energ\u00eda en espera 500mW<br \/>Modo consumo de energ\u00eda OFF 300mW<br \/>Interfaces\/Puertos<br \/>HDMI S\u00ed<br \/>DisplayPort S\u00ed<br \/>N\u00famero de entradas HDMI 1<br \/>N\u00famero de DisplayPorts 1<br \/>N\u00famero total de puertos HDMI 1<br \/>V\u00eddeo<br \/>Brillo 300cd\/m\u00b2<br \/>Colores Admitidos 16,7 Millones de colores<br \/>Resoluci\u00f3n m\u00e1x. 1920 x 1080<br \/>\u00cdndice de refresco est\u00e1ndar 180Hz<br \/>Relaci\u00f3n de contraste nativa 1,000:1<br \/>Tecnolog\u00eda anti-fragmentaci\u00f3n FreeSync<br \/>Gama de colores 99% sRGB<br \/>Informaci\u00f3n General<br \/>Tipo de Producto Monitor gaming LCD<br \/>C\u00f3digo de Fabricante 27GS60FB<br \/>Direcci\u00f3n Web de Fabricante http:\/\/www.lg.com<br \/>Fabricante LG Electronics<br \/>Modelo de Producto 27GS60F-B<br \/>Nombre de Producto Monitor gaming LCD UltraGear 27GS60F-B<br \/>L\u00ednea de Producto UltraGear<br \/>Nombre de Marca LG<br \/>Caracter\u00edsticas F\u00edsicas<br \/>Peso (Aproximado) 5.10kg<\/p>\n<p>Altura 365mm<br \/>Anchura 614mm<br \/>Profundidad 52mm<br \/>Peso con soporte (Aproximado) 5.80kg<br \/>Compatible con Montura VESA S\u00ed<br \/>Montaje est\u00e1ndar VESA 100 x 100<br \/>Altura con Soporte 454mm<br \/>Anchura con Soporte 614mm<br \/>Profundidad con Soporte 225mm<br \/>Informaci\u00f3n T\u00e9cnica<br \/>Relaci\u00f3n de aspecto 16:9<br \/>Pixel pitch 0.31mm<br \/>Tiempo de Respuesta 1ms<br \/>Caracter\u00edsticas Visualizaci\u00f3n en pantalla (OSD)<br \/>Tecnolog\u00eda Dynamic Action Sync<br \/>Ahorro de energ\u00eda inteligente<br \/>Sin parpadeos<br \/>Sin bisel en 3 de sus lados<br \/>Reducci\u00f3n e luz azul<br \/>Punto de mira<br \/>NVIDIA G-SYNC<br \/>Modo FPS<br \/>Tecnolog\u00eda Black Stabilizer<br \/>HDR10<br \/>\u00c1ngulo de Visualizaci\u00f3n Amplio<br \/>sRGB<br \/>Tama\u00f1o de pantalla visible 68.6cm (27&#8243;)<br \/>Modo de Pantalla Full HD<br \/>N\u00famero de Pantallas 1<br \/>Compatibilidad con HDCP S\u00ed<br \/>Angulo de Visi\u00f3n Horizontal 178\u00b0<br \/>\u00c1ngulo de Visi\u00f3n Vertical 178\u00b0<br \/>Tecnolog\u00eda de Pantalla Tecnolog\u00eda conmutaci\u00f3n en el mismo plano (In-plane Switching, IPS)<br \/>Frecuencia vertical 48Hz a 180Hz &#8211; DisplayPort<br \/>48Hz a 180Hz &#8211; HDMI<br \/>Clase de tama\u00f1o de pantalla 27&#8243;<br \/>Ajustes de soporte Inclinable<br \/>Detalles de tiempo de respuesta GTG<\/p>\n","protected":false},"excerpt":{"rendered":"<p>Producto original.<\/p>\n","protected":false},"featured_media":6772,"comment_status":"open","ping_status":"closed","template":"","meta":{"site-sidebar-layout":"default","site-content-layout":"","ast-site-content-layout":"default","site-content-style":"default","site-sidebar-style":"default","ast-global-header-display":"","ast-banner-title-visibility":"","ast-main-header-display":"","ast-hfb-above-header-display":"","ast-hfb-below-header-display":"","ast-hfb-mobile-header-display":"","site-post-title":"","ast-breadcrumbs-content":"","ast-featured-img":"","footer-sml-layout":"","ast-disable-related-posts":"","theme-transparent-header-meta":"default","adv-header-id-meta":"","stick-header-meta":"default","header-above-stick-meta":"","header-main-stick-meta":"","header-below-stick-meta":"","astra-migrate-meta-layouts":"set","ast-page-background-enabled":"default","ast-page-background-meta":{"desktop":{"background-color":"var(--ast-global-color-4)","background-image":"","background-repeat":"repeat","background-position":"center center","background-size":"auto","background-attachment":"scroll","background-type":"","background-media":"","overlay-type":"","overlay-color":"","overlay-opacity":"","overlay-gradient":""},"tablet":{"background-color":"","background-image":"","background-repeat":"repeat","background-position":"center center","background-size":"auto","background-attachment":"scroll","background-type":"","background-media":"","overlay-type":"","overlay-color":"","overlay-opacity":"","overlay-gradient":""},"mobile":{"background-color":"","background-image":"","background-repeat":"repeat","background-position":"center center","background-size":"auto","background-attachment":"scroll","background-type":"","background-media":"","overlay-type":"","overlay-color":"","overlay-opacity":"","overlay-gradient":""}},"ast-content-background-meta":{"desktop":{"background-color":"var(--ast-global-color-5)","background-image":"","background-repeat":"repeat","background-position":"center center","background-size":"auto","background-attachment":"scroll","background-type":"","background-media":"","overlay-type":"","overlay-color":"","overlay-opacity":"","overlay-gradient":""},"tablet":{"background-color":"var(--ast-global-color-5)","background-image":"","background-repeat":"repeat","background-position":"center center","background-size":"auto","background-attachment":"scroll","background-type":"","background-media":"","overlay-type":"","overlay-color":"","overlay-opacity":"","overlay-gradient":""},"mobile":{"background-color":"var(--ast-global-color-5)","background-image":"","background-repeat":"repeat","background-position":"center center","background-size":"auto","background-attachment":"scroll","background-type":"","background-media":"","overlay-type":"","overlay-color":"","overlay-opacity":"","overlay-gradient":""}}},"product_brand":[978],"product_cat":[55,198],"product_tag":[],"class_list":{"0":"post-1969","1":"product","2":"type-product","3":"status-publish","4":"has-post-thumbnail","6":"product_brand-lg","7":"product_cat-audio-y-video","8":"product_cat-monitores","9":"desktop-align-left","10":"tablet-align-left","11":"mobile-align-left","12":"ast-product-gallery-layout-horizontal-slider","13":"ast-product-gallery-with-no-image","14":"ast-magnify-disabled","15":"ast-product-tabs-layout-horizontal","16":"ast-qv-on-image","18":"first","19":"instock","20":"sale","21":"taxable","22":"shipping-taxable","23":"purchasable","24":"product-type-simple"},"yoast_head":"<!-- This site is optimized with the Yoast SEO plugin v27.5 - https:\/\/yoast.com\/product\/yoast-seo-wordpress\/ -->\n<title>Monitor LG 27 GAMER 27GS60F-B IPS FULL HD - CLIE LIMITADA<\/title>\n<meta name=\"robots\" content=\"index, follow, max-snippet:-1, max-image-preview:large, max-video-preview:-1\" \/>\n<link rel=\"canonical\" href=\"https:\/\/www.clie.cl\/index.php\/producto\/monitor-lg-27-gamer-27gs60f-b-ips-full-hd\/\" \/>\n<meta property=\"og:locale\" content=\"es_ES\" \/>\n<meta property=\"og:type\" content=\"article\" \/>\n<meta property=\"og:title\" content=\"Monitor LG 27 GAMER 27GS60F-B IPS FULL HD - CLIE LIMITADA\" \/>\n<meta property=\"og:description\" content=\"Producto original.\" \/>\n<meta property=\"og:url\" content=\"https:\/\/www.clie.cl\/index.php\/producto\/monitor-lg-27-gamer-27gs60f-b-ips-full-hd\/\" \/>\n<meta property=\"og:site_name\" content=\"CLIE LIMITADA\" \/>\n<meta property=\"article:modified_time\" content=\"2025-11-13T15:03:47+00:00\" \/>\n<meta property=\"og:image\" content=\"https:\/\/www.clie.cl\/wp-content\/uploads\/2025\/04\/Monitor_LG_27_GAMER_27GS60F-B_IPS_FULL_HD_clie.cl_.jpg\" \/>\n\t<meta property=\"og:image:width\" content=\"2000\" \/>\n\t<meta property=\"og:image:height\" content=\"2000\" \/>\n\t<meta property=\"og:image:type\" content=\"image\/jpeg\" \/>\n<meta name=\"twitter:card\" content=\"summary_large_image\" \/>\n<meta name=\"twitter:label1\" content=\"Tiempo de lectura\" \/>\n\t<meta name=\"twitter:data1\" content=\"3 minutos\" \/>\n<script type=\"application\/ld+json\" class=\"yoast-schema-graph\">{\"@context\":\"https:\\\/\\\/schema.org\",\"@graph\":[{\"@type\":\"WebPage\",\"@id\":\"https:\\\/\\\/www.clie.cl\\\/index.php\\\/producto\\\/monitor-lg-27-gamer-27gs60f-b-ips-full-hd\\\/\",\"url\":\"https:\\\/\\\/www.clie.cl\\\/index.php\\\/producto\\\/monitor-lg-27-gamer-27gs60f-b-ips-full-hd\\\/\",\"name\":\"Monitor LG 27 GAMER 27GS60F-B IPS FULL HD - CLIE LIMITADA\",\"isPartOf\":{\"@id\":\"https:\\\/\\\/www.clie.cl\\\/#website\"},\"primaryImageOfPage\":{\"@id\":\"https:\\\/\\\/www.clie.cl\\\/index.php\\\/producto\\\/monitor-lg-27-gamer-27gs60f-b-ips-full-hd\\\/#primaryimage\"},\"image\":{\"@id\":\"https:\\\/\\\/www.clie.cl\\\/index.php\\\/producto\\\/monitor-lg-27-gamer-27gs60f-b-ips-full-hd\\\/#primaryimage\"},\"thumbnailUrl\":\"https:\\\/\\\/www.clie.cl\\\/wp-content\\\/uploads\\\/2025\\\/04\\\/Monitor_LG_27_GAMER_27GS60F-B_IPS_FULL_HD_clie.cl_.jpg\",\"datePublished\":\"2024-05-30T15:26:25+00:00\",\"dateModified\":\"2025-11-13T15:03:47+00:00\",\"breadcrumb\":{\"@id\":\"https:\\\/\\\/www.clie.cl\\\/index.php\\\/producto\\\/monitor-lg-27-gamer-27gs60f-b-ips-full-hd\\\/#breadcrumb\"},\"inLanguage\":\"es\",\"potentialAction\":[{\"@type\":\"ReadAction\",\"target\":[\"https:\\\/\\\/www.clie.cl\\\/index.php\\\/producto\\\/monitor-lg-27-gamer-27gs60f-b-ips-full-hd\\\/\"]}]},{\"@type\":\"ImageObject\",\"inLanguage\":\"es\",\"@id\":\"https:\\\/\\\/www.clie.cl\\\/index.php\\\/producto\\\/monitor-lg-27-gamer-27gs60f-b-ips-full-hd\\\/#primaryimage\",\"url\":\"https:\\\/\\\/www.clie.cl\\\/wp-content\\\/uploads\\\/2025\\\/04\\\/Monitor_LG_27_GAMER_27GS60F-B_IPS_FULL_HD_clie.cl_.jpg\",\"contentUrl\":\"https:\\\/\\\/www.clie.cl\\\/wp-content\\\/uploads\\\/2025\\\/04\\\/Monitor_LG_27_GAMER_27GS60F-B_IPS_FULL_HD_clie.cl_.jpg\",\"width\":2000,\"height\":2000,\"caption\":\"Monitor_LG_27_GAMER_27GS60F-B_IPS_FULL_HD_clie.cl\"},{\"@type\":\"BreadcrumbList\",\"@id\":\"https:\\\/\\\/www.clie.cl\\\/index.php\\\/producto\\\/monitor-lg-27-gamer-27gs60f-b-ips-full-hd\\\/#breadcrumb\",\"itemListElement\":[{\"@type\":\"ListItem\",\"position\":1,\"name\":\"Portada\",\"item\":\"https:\\\/\\\/www.clie.cl\\\/\"},{\"@type\":\"ListItem\",\"position\":2,\"name\":\"Productos\",\"item\":\"https:\\\/\\\/www.clie.cl\\\/index.php\\\/shop\\\/\"},{\"@type\":\"ListItem\",\"position\":3,\"name\":\"Monitor LG 27 GAMER 27GS60F-B IPS FULL HD\"}]},{\"@type\":\"WebSite\",\"@id\":\"https:\\\/\\\/www.clie.cl\\\/#website\",\"url\":\"https:\\\/\\\/www.clie.cl\\\/\",\"name\":\"CLIE.cl\",\"description\":\"Clie Limitada\",\"publisher\":{\"@id\":\"https:\\\/\\\/www.clie.cl\\\/#organization\"},\"alternateName\":\"CLIE\",\"potentialAction\":[{\"@type\":\"SearchAction\",\"target\":{\"@type\":\"EntryPoint\",\"urlTemplate\":\"https:\\\/\\\/www.clie.cl\\\/?s={search_term_string}\"},\"query-input\":{\"@type\":\"PropertyValueSpecification\",\"valueRequired\":true,\"valueName\":\"search_term_string\"}}],\"inLanguage\":\"es\"},{\"@type\":\"Organization\",\"@id\":\"https:\\\/\\\/www.clie.cl\\\/#organization\",\"name\":\"CLIE LIMITADA\",\"url\":\"https:\\\/\\\/www.clie.cl\\\/\",\"logo\":{\"@type\":\"ImageObject\",\"inLanguage\":\"es\",\"@id\":\"https:\\\/\\\/www.clie.cl\\\/#\\\/schema\\\/logo\\\/image\\\/\",\"url\":\"https:\\\/\\\/www.clie.cl\\\/wp-content\\\/uploads\\\/2023\\\/10\\\/logo_clie_front_web_2023.png\",\"contentUrl\":\"https:\\\/\\\/www.clie.cl\\\/wp-content\\\/uploads\\\/2023\\\/10\\\/logo_clie_front_web_2023.png\",\"width\":139,\"height\":118,\"caption\":\"CLIE LIMITADA\"},\"image\":{\"@id\":\"https:\\\/\\\/www.clie.cl\\\/#\\\/schema\\\/logo\\\/image\\\/\"}}]}<\/script>\n<!-- \/ Yoast SEO plugin. -->","yoast_head_json":{"title":"Monitor LG 27 GAMER 27GS60F-B IPS FULL HD - CLIE LIMITADA","robots":{"index":"index","follow":"follow","max-snippet":"max-snippet:-1","max-image-preview":"max-image-preview:large","max-video-preview":"max-video-preview:-1"},"canonical":"https:\/\/www.clie.cl\/index.php\/producto\/monitor-lg-27-gamer-27gs60f-b-ips-full-hd\/","og_locale":"es_ES","og_type":"article","og_title":"Monitor LG 27 GAMER 27GS60F-B IPS FULL HD - CLIE LIMITADA","og_description":"Producto original.","og_url":"https:\/\/www.clie.cl\/index.php\/producto\/monitor-lg-27-gamer-27gs60f-b-ips-full-hd\/","og_site_name":"CLIE LIMITADA","article_modified_time":"2025-11-13T15:03:47+00:00","og_image":[{"width":2000,"height":2000,"url":"https:\/\/www.clie.cl\/wp-content\/uploads\/2025\/04\/Monitor_LG_27_GAMER_27GS60F-B_IPS_FULL_HD_clie.cl_.jpg","type":"image\/jpeg"}],"twitter_card":"summary_large_image","twitter_misc":{"Tiempo de lectura":"3 minutos"},"schema":{"@context":"https:\/\/schema.org","@graph":[{"@type":"WebPage","@id":"https:\/\/www.clie.cl\/index.php\/producto\/monitor-lg-27-gamer-27gs60f-b-ips-full-hd\/","url":"https:\/\/www.clie.cl\/index.php\/producto\/monitor-lg-27-gamer-27gs60f-b-ips-full-hd\/","name":"Monitor LG 27 GAMER 27GS60F-B IPS FULL HD - CLIE LIMITADA","isPartOf":{"@id":"https:\/\/www.clie.cl\/#website"},"primaryImageOfPage":{"@id":"https:\/\/www.clie.cl\/index.php\/producto\/monitor-lg-27-gamer-27gs60f-b-ips-full-hd\/#primaryimage"},"image":{"@id":"https:\/\/www.clie.cl\/index.php\/producto\/monitor-lg-27-gamer-27gs60f-b-ips-full-hd\/#primaryimage"},"thumbnailUrl":"https:\/\/www.clie.cl\/wp-content\/uploads\/2025\/04\/Monitor_LG_27_GAMER_27GS60F-B_IPS_FULL_HD_clie.cl_.jpg","datePublished":"2024-05-30T15:26:25+00:00","dateModified":"2025-11-13T15:03:47+00:00","breadcrumb":{"@id":"https:\/\/www.clie.cl\/index.php\/producto\/monitor-lg-27-gamer-27gs60f-b-ips-full-hd\/#breadcrumb"},"inLanguage":"es","potentialAction":[{"@type":"ReadAction","target":["https:\/\/www.clie.cl\/index.php\/producto\/monitor-lg-27-gamer-27gs60f-b-ips-full-hd\/"]}]},{"@type":"ImageObject","inLanguage":"es","@id":"https:\/\/www.clie.cl\/index.php\/producto\/monitor-lg-27-gamer-27gs60f-b-ips-full-hd\/#primaryimage","url":"https:\/\/www.clie.cl\/wp-content\/uploads\/2025\/04\/Monitor_LG_27_GAMER_27GS60F-B_IPS_FULL_HD_clie.cl_.jpg","contentUrl":"https:\/\/www.clie.cl\/wp-content\/uploads\/2025\/04\/Monitor_LG_27_GAMER_27GS60F-B_IPS_FULL_HD_clie.cl_.jpg","width":2000,"height":2000,"caption":"Monitor_LG_27_GAMER_27GS60F-B_IPS_FULL_HD_clie.cl"},{"@type":"BreadcrumbList","@id":"https:\/\/www.clie.cl\/index.php\/producto\/monitor-lg-27-gamer-27gs60f-b-ips-full-hd\/#breadcrumb","itemListElement":[{"@type":"ListItem","position":1,"name":"Portada","item":"https:\/\/www.clie.cl\/"},{"@type":"ListItem","position":2,"name":"Productos","item":"https:\/\/www.clie.cl\/index.php\/shop\/"},{"@type":"ListItem","position":3,"name":"Monitor LG 27 GAMER 27GS60F-B IPS FULL HD"}]},{"@type":"WebSite","@id":"https:\/\/www.clie.cl\/#website","url":"https:\/\/www.clie.cl\/","name":"CLIE.cl","description":"Clie Limitada","publisher":{"@id":"https:\/\/www.clie.cl\/#organization"},"alternateName":"CLIE","potentialAction":[{"@type":"SearchAction","target":{"@type":"EntryPoint","urlTemplate":"https:\/\/www.clie.cl\/?s={search_term_string}"},"query-input":{"@type":"PropertyValueSpecification","valueRequired":true,"valueName":"search_term_string"}}],"inLanguage":"es"},{"@type":"Organization","@id":"https:\/\/www.clie.cl\/#organization","name":"CLIE LIMITADA","url":"https:\/\/www.clie.cl\/","logo":{"@type":"ImageObject","inLanguage":"es","@id":"https:\/\/www.clie.cl\/#\/schema\/logo\/image\/","url":"https:\/\/www.clie.cl\/wp-content\/uploads\/2023\/10\/logo_clie_front_web_2023.png","contentUrl":"https:\/\/www.clie.cl\/wp-content\/uploads\/2023\/10\/logo_clie_front_web_2023.png","width":139,"height":118,"caption":"CLIE LIMITADA"},"image":{"@id":"https:\/\/www.clie.cl\/#\/schema\/logo\/image\/"}}]}},"_links":{"self":[{"href":"https:\/\/www.clie.cl\/index.php\/wp-json\/wp\/v2\/product\/1969","targetHints":{"allow":["GET"]}}],"collection":[{"href":"https:\/\/www.clie.cl\/index.php\/wp-json\/wp\/v2\/product"}],"about":[{"href":"https:\/\/www.clie.cl\/index.php\/wp-json\/wp\/v2\/types\/product"}],"replies":[{"embeddable":true,"href":"https:\/\/www.clie.cl\/index.php\/wp-json\/wp\/v2\/comments?post=1969"}],"wp:featuredmedia":[{"embeddable":true,"href":"https:\/\/www.clie.cl\/index.php\/wp-json\/wp\/v2\/media\/6772"}],"wp:attachment":[{"href":"https:\/\/www.clie.cl\/index.php\/wp-json\/wp\/v2\/media?parent=1969"}],"wp:term":[{"taxonomy":"product_brand","embeddable":true,"href":"https:\/\/www.clie.cl\/index.php\/wp-json\/wp\/v2\/product_brand?post=1969"},{"taxonomy":"product_cat","embeddable":true,"href":"https:\/\/www.clie.cl\/index.php\/wp-json\/wp\/v2\/product_cat?post=1969"},{"taxonomy":"product_tag","embeddable":true,"href":"https:\/\/www.clie.cl\/index.php\/wp-json\/wp\/v2\/product_tag?post=1969"}],"curies":[{"name":"wp","href":"https:\/\/api.w.org\/{rel}","templated":true}]}}